000
CDUS44 KSHV 202232
CLIMLU


CLIMATE REPORT
NATIONAL WEATHER SERVICE SHREVEPORT, LA
531 PM CDT MON APR 20 2015


...................................

...THE MONROE CLIMATE SUMMARY FOR APRIL 20 2015...
VALID TODAY AS OF 0500 PM LOCAL TIME.

CLIMATE NORMAL PERIOD 1981 TO 2010
CLIMATE RECORD PERIOD 1930 TO 2015


WEATHER ITEM   OBSERVED TIME   RECORD YEAR NORMAL DEPARTURE LAST
                VALUE   (LST)  VALUE       VALUE  FROM      YEAR
                                                  NORMAL
..................................................................
TEMPERATURE (F)
 TODAY
  MAXIMUM         72    311 PM  94    1987  79     -7       82
  MINIMUM         58    650 AM  37    1953  55      3       52
  AVERAGE         65                        67     -2       67

PRECIPITATION (IN)
  TODAY            0.00          3.87 1995   0.16  -0.16     0.00
  MONTH TO DATE    2.92                      2.96  -0.04     7.88
  SINCE DEC 1     21.14                     22.61  -1.47    19.91
  SINCE JAN 1     16.66                     17.32  -0.66    16.65

SNOWFALL (IN)
  TODAY            0.0
  MONTH TO DATE    0.0
  SINCE MAR 1      0.4
  SINCE JUL 1      3.9
  SNOW DEPTH       0

DEGREE DAYS
 HEATING
  TODAY            0                         2     -2        0
  MONTH TO DATE   28                        69    -41      106
  SINCE MAR 1    292                       319    -27      480
  SINCE JUL 1   2496                      2213    283     2806

 COOLING
  TODAY            0                         4     -4        2
  MONTH TO DATE  100                        56     44       37
  SINCE MAR 1    116                        88     28       44
  SINCE JAN 1    116                        99     17       46
..................................................................


WIND (MPH)
  HIGHEST WIND SPEED    23   HIGHEST WIND DIRECTION    NW (330)
  HIGHEST GUST SPEED    29   HIGHEST GUST DIRECTION    NW (330)
  AVERAGE WIND SPEED    12.3


SKY COVER
  POSSIBLE SUNSHINE  MM
  AVERAGE SKY COVER 0.0


WEATHER CONDITIONS
 THE FOLLOWING WEATHER WAS RECORDED TODAY.
  NO SIGNIFICANT WEATHER WAS OBSERVED.


RELATIVE HUMIDITY (PERCENT)
 HIGHEST    90           100 AM
 LOWEST     36           300 PM
 AVERAGE    63

..........................................................


THE MONROE CLIMATE NORMALS FOR TOMORROW
                         NORMAL    RECORD    YEAR
 MAXIMUM TEMPERATURE (F)   79        95      1987
 MINIMUM TEMPERATURE (F)   55        38      1953


SUNRISE AND SUNSET
APRIL 20 2015.........SUNRISE   633 AM CDT   SUNSET   741 PM CDT
APRIL 21 2015.........SUNRISE   632 AM CDT   SUNSET   742 PM CDT


-  INDICATES NEGATIVE NUMBERS.
R  INDICATES RECORD WAS SET OR TIED.
MM INDICATES DATA IS MISSING.
T  INDICATES TRACE AMOUNT.




$$
