000
CDUS41 KPHI 190627
CLIMPO


CLIMATE REPORT
NATIONAL WEATHER SERVICE MOUNT HOLLY NJ
226 AM EDT SUN APR 19 2015


...................................

...THE MOUNT POCONO PA CLIMATE SUMMARY FOR APRIL 18 2015...

CLIMATE NORMAL PERIOD 1981 TO 2010
CLIMATE RECORD PERIOD 1901 TO 2015


WEATHER ITEM   OBSERVED TIME   RECORD YEAR NORMAL DEPARTURE LAST
                VALUE   (LST)  VALUE       VALUE  FROM      YEAR
                                                  NORMAL
..................................................................
TEMPERATURE (F)
 YESTERDAY
  MAXIMUM         74    451 PM  88    1976  57     17       46
  MINIMUM         39    451 AM  20    1928  36      3       29
  AVERAGE         57                        46     11       38

PRECIPITATION (IN)
  YESTERDAY        0.00          1.60 1924   0.11  -0.11     0.00
  MONTH TO DATE    0.99                      2.68  -1.69     2.78
  SINCE MAR 1      3.08                      6.51  -3.43     4.99
  SINCE JAN 1      6.43                     11.77  -5.34    11.38

SNOWFALL (IN)
  YESTERDAY       MM            MM      MM  MM     MM       MM
  MONTH TO DATE   MM                        MM     MM       MM
  SINCE MAR 1     MM                        MM     MM       MM
  SINCE JUL 1     MM                        MM     MM       MM
  SNOW DEPTH      MM

DEGREE DAYS
 HEATING
  YESTERDAY        8                        19    -11       27
  MONTH TO DATE  339                       398    -59      373
  SINCE MAR 1   1465                      1373     92     1549
  SINCE JUL 1   6900                      6496    404     6976

 COOLING
  YESTERDAY        0                         0      0        0
  MONTH TO DATE    0                         0      0        0
  SINCE MAR 1      0                         0      0        0
  SINCE JAN 1      0                         0      0        0
..................................................................


WIND (MPH)
  HIGHEST WIND SPEED    22   HIGHEST WIND DIRECTION     N (340)
  HIGHEST GUST SPEED    30   HIGHEST GUST DIRECTION    NW (300)
  AVERAGE WIND SPEED    11.1


SKY COVER
  POSSIBLE SUNSHINE  MM
  AVERAGE SKY COVER 0.1


WEATHER CONDITIONS
 THE FOLLOWING WEATHER WAS RECORDED YESTERDAY.
  FOG


RELATIVE HUMIDITY (PERCENT)
 HIGHEST    93          1200 AM
 LOWEST     22           500 PM
 AVERAGE    58

..........................................................


THE MOUNT POCONO PA CLIMATE NORMALS FOR TODAY
                         NORMAL    RECORD    YEAR
 MAXIMUM TEMPERATURE (F)   57        86      1976
 MINIMUM TEMPERATURE (F)   37        18      1905


SUNRISE AND SUNSET
APRIL 19 2015.........SUNRISE   617 AM EDT   SUNSET   746 PM EDT
APRIL 20 2015.........SUNRISE   615 AM EDT   SUNSET   747 PM EDT


-  INDICATES NEGATIVE NUMBERS.
R  INDICATES RECORD WAS SET OR TIED.
MM INDICATES DATA IS MISSING.
T  INDICATES TRACE AMOUNT.




$$
