000
CDUS41 KBTV 170536
CLIMPV


CLIMATE REPORT
NATIONAL WEATHER SERVICE BURLINGTON VT
135 AM EDT FRI APR 17 2015


...................................

...THE MONTPELIER VT CLIMATE SUMMARY FOR APRIL 16 2015...

CLIMATE NORMAL PERIOD 1981 TO 2010
CLIMATE RECORD PERIOD 1948 TO 2015


WEATHER ITEM   OBSERVED TIME   RECORD YEAR NORMAL DEPARTURE LAST
                VALUE   (LST)  VALUE       VALUE  FROM      YEAR
                                                  NORMAL
..................................................................
TEMPERATURE (F)
 YESTERDAY
  MAXIMUM         66    431 PM  84    2012  54     12       29
                                      2002
  MINIMUM         24    451 AM  18    2014  32     -8       18
                                      1992
  AVERAGE         45                        43      2       24

PRECIPITATION (IN)
  YESTERDAY        0.00          1.05        0.09  -0.09      T
  MONTH TO DATE    0.93                      1.39  -0.46     1.34
  SINCE MAR 1      1.77                      3.78  -2.01     4.39
  SINCE JAN 1      4.64                      8.27  -3.63     8.70

DEGREE DAYS
 HEATING
  YESTERDAY       20                        22     -2       41
  MONTH TO DATE  448                       411     37      417
  SINCE MAR 1   1769                      1528    241     1866
  SINCE JUL 1   8107                      7436    671     8031

 COOLING
  YESTERDAY        0                         0      0        0
  MONTH TO DATE    0                         0      0        0
  SINCE MAR 1      0                         0      0        0
  SINCE JAN 1      0                         0      0        0
..................................................................


WIND (MPH)
  HIGHEST WIND SPEED    15   HIGHEST WIND DIRECTION     S (160)
  HIGHEST GUST SPEED    20   HIGHEST GUST DIRECTION    SW (220)
  AVERAGE WIND SPEED     4.4


SKY COVER
  AVERAGE SKY COVER 0.0


WEATHER CONDITIONS
 THE FOLLOWING WEATHER WAS RECORDED YESTERDAY.
  NO SIGNIFICANT WEATHER WAS OBSERVED.


RELATIVE HUMIDITY (PERCENT)
 HIGHEST    81           400 AM
 LOWEST     13           400 PM
 AVERAGE    47

..........................................................


THE MONTPELIER VT CLIMATE NORMALS FOR TODAY
                         NORMAL    RECORD    YEAR
 MAXIMUM TEMPERATURE (F)   54        86      2002
                                             1976
 MINIMUM TEMPERATURE (F)   32        14      2014


SUNRISE AND SUNSET
APRIL 17 2015.........SUNRISE   604 AM EDT   SUNSET   737 PM EDT
APRIL 18 2015.........SUNRISE   602 AM EDT   SUNSET   738 PM EDT


-  INDICATES NEGATIVE NUMBERS.
R  INDICATES RECORD WAS SET OR TIED.
MM INDICATES DATA IS MISSING.
T  INDICATES TRACE AMOUNT.




$$
