000
CDUS41 KLWX 030521
CLIMRB


CLIMATE REPORT
NATIONAL WEATHER SERVICE BALTIMORE MD/WASHINGTON DC
121 AM EDT SUN MAY 3 2015


...................................

...THE MARTINSBURG WV CLIMATE SUMMARY FOR MAY 2 2015...

CLIMATE NORMAL PERIOD 1981 TO 2010
CLIMATE RECORD PERIOD 1926 TO 2015


WEATHER ITEM   OBSERVED TIME   RECORD YEAR NORMAL DEPARTURE LAST
                VALUE   (LST)  VALUE       VALUE  FROM      YEAR
                                                  NORMAL
..................................................................
TEMPERATURE (F)
 YESTERDAY
  MAXIMUM         74    601 PM  95    1942  69      5       67
  MINIMUM         47    601 AM  30    1968  46      1       47
  AVERAGE         61                        57      4       57

PRECIPITATION (IN)
  YESTERDAY        0.00          1.21 1985   0.13  -0.13     0.00
  MONTH TO DATE    T                         0.25  -0.25     0.02
  SINCE MAR 1      5.62                      7.11  -1.49     5.85
  SINCE JAN 1      7.91                     11.89  -3.98     9.60

DEGREE DAYS
 HEATING
  YESTERDAY        4                         8     -4        8
  MONTH TO DATE   10                        17     -7        9
  SINCE MAR 1   1037                      1118    -81     1206
  SINCE JUL 1   4960                      5074   -114     5299

 COOLING
  YESTERDAY        0                         1     -1        0
  MONTH TO DATE    0                         2     -2        0
  SINCE MAR 1      1                        11    -10        7
  SINCE JAN 1      1                        11    -10        7
..................................................................


WIND (MPH)
  HIGHEST WIND SPEED    15   HIGHEST WIND DIRECTION     N (20)
  HIGHEST GUST SPEED    19   HIGHEST GUST DIRECTION     N (10)
  AVERAGE WIND SPEED     3.9


SKY COVER
  POSSIBLE SUNSHINE  MM
  AVERAGE SKY COVER 0.5


WEATHER CONDITIONS
 THE FOLLOWING WEATHER WAS RECORDED YESTERDAY.
  FOG
  FOG W/VISIBILITY <= 1/4 MILE


RELATIVE HUMIDITY (PERCENT)
 HIGHEST   100           600 AM
 LOWEST     27           500 PM
 AVERAGE    64

..........................................................


THE MARTINSBURG WV CLIMATE NORMALS FOR TODAY
                         NORMAL    RECORD    YEAR
 MAXIMUM TEMPERATURE (F)   69        90      1965
 MINIMUM TEMPERATURE (F)   46        30      2005


SUNRISE AND SUNSET
MAY  3 2015...........SUNRISE   611 AM EDT   SUNSET   807 PM EDT
MAY  4 2015...........SUNRISE   610 AM EDT   SUNSET   808 PM EDT


-  INDICATES NEGATIVE NUMBERS.
R  INDICATES RECORD WAS SET OR TIED.
MM INDICATES DATA IS MISSING.
T  INDICATES TRACE AMOUNT.




$$
