000
CDUS41 KLWX 020526
CLIMRB


CLIMATE REPORT
NATIONAL WEATHER SERVICE BALTIMORE MD/WASHINGTON DC
126 AM EDT THU APR 2 2015


...................................

...THE MARTINSBURG WV CLIMATE SUMMARY FOR APRIL 1 2015...

CLIMATE NORMAL PERIOD 1981 TO 2010
CLIMATE RECORD PERIOD 1926 TO 2015


WEATHER ITEM   OBSERVED TIME   RECORD YEAR NORMAL DEPARTURE LAST
                VALUE   (LST)  VALUE       VALUE  FROM      YEAR
                                                  NORMAL
..................................................................
TEMPERATURE (F)
 YESTERDAY
  MAXIMUM         61    504 PM  85    1943  59      2       68
  MINIMUM         32    644 AM  19    1969  37     -5       37
  AVERAGE         47                        48     -1       53

PRECIPITATION (IN)
  YESTERDAY        0.00          1.48 1952   0.12  -0.12     0.00
  MONTH TO DATE    0.00                      0.12  -0.12     0.00
  SINCE MAR 1      2.30                      3.64  -1.34     2.12
  SINCE JAN 1      4.59                      8.42  -3.83     5.87

DEGREE DAYS
 HEATING
  YESTERDAY       18                        17      1       12
  MONTH TO DATE   18                        17      1       12
  SINCE MAR 1    760                       731     29      847
  SINCE JUL 1   4683                      4687     -4     4940

 COOLING
  YESTERDAY        0                         0      0        0
  MONTH TO DATE    0                         0      0        0
  SINCE MAR 1      0                         1     -1        0
  SINCE JAN 1      0                         1     -1        0
..................................................................


WIND (MPH)
  HIGHEST WIND SPEED    15   HIGHEST WIND DIRECTION     W (290)
  HIGHEST GUST SPEED    21   HIGHEST GUST DIRECTION     N (360)
  AVERAGE WIND SPEED     5.4


SKY COVER
  POSSIBLE SUNSHINE  MM
  AVERAGE SKY COVER 0.1


WEATHER CONDITIONS
 THE FOLLOWING WEATHER WAS RECORDED YESTERDAY.
  HAZE


RELATIVE HUMIDITY (PERCENT)
 HIGHEST    72           600 AM
 LOWEST     24           600 PM
 AVERAGE    48

..........................................................


THE MARTINSBURG WV CLIMATE NORMALS FOR TODAY
                         NORMAL    RECORD    YEAR
 MAXIMUM TEMPERATURE (F)   59        86      1967
 MINIMUM TEMPERATURE (F)   37        20      1964


SUNRISE AND SUNSET
APRIL  2 2015.........SUNRISE   655 AM EDT   SUNSET   737 PM EDT
APRIL  3 2015.........SUNRISE   654 AM EDT   SUNSET   738 PM EDT


-  INDICATES NEGATIVE NUMBERS.
R  INDICATES RECORD WAS SET OR TIED.
MM INDICATES DATA IS MISSING.
T  INDICATES TRACE AMOUNT.




$$
