000
CDUS44 KHUN 272127
CLIMSL


CLIMATE REPORT
NATIONAL WEATHER SERVICE HUNTSVILLE AL
427 PM CDT MON APR 27 2015


...................................

...THE MUSCLE SHOALS CLIMATE SUMMARY FOR APRIL 27 2015...
VALID TODAY AS OF 0400 PM LOCAL TIME.

CLIMATE NORMAL PERIOD 1981 TO 2010
CLIMATE RECORD PERIOD 1893 TO 2015


WEATHER ITEM   OBSERVED TIME   RECORD YEAR NORMAL DEPARTURE LAST
                VALUE   (LST)  VALUE       VALUE  FROM      YEAR
                                                  NORMAL
..................................................................
TEMPERATURE (F)
 TODAY
  MAXIMUM         68    259 PM  94    1925  76     -8       73
  MINIMUM         49    540 AM  30    1919  53     -4       56
  AVERAGE         59                        65     -6       65

PRECIPITATION (IN)
  TODAY            0.00          2.92 2011   0.15  -0.15     0.73
  MONTH TO DATE    4.91                      3.92   0.99     4.23
  SINCE MAR 1     11.49                      8.68   2.81     6.85
  SINCE JAN 1     18.77                     17.95   0.82    12.54

SNOWFALL (IN)
  TODAY            0.0
  MONTH TO DATE    0.0
  SINCE MAR 1      0.7
  SINCE JUL 1      4.2
  SNOW DEPTH       0

DEGREE DAYS
 HEATING
  TODAY            6                         3      3        0
  MONTH TO DATE   78                       153    -75      134
  SINCE MAR 1    426                       531   -105      577
  SINCE JUL 1   3197                      3066    131     3348

 COOLING
  TODAY            0                         3     -3        0
  MONTH TO DATE   54                        43     11       31
  SINCE MAR 1     56                        55      1       31
  SINCE JAN 1     56                        56      0       31
..................................................................


WIND (MPH)
  HIGHEST WIND SPEED    12   HIGHEST WIND DIRECTION     E (90)
  HIGHEST GUST SPEED    15   HIGHEST GUST DIRECTION     E (90)
  AVERAGE WIND SPEED     6.0


SKY COVER
  POSSIBLE SUNSHINE  MM
  AVERAGE SKY COVER 0.0


WEATHER CONDITIONS
 THE FOLLOWING WEATHER WAS RECORDED TODAY.
  NO SIGNIFICANT WEATHER WAS OBSERVED.


RELATIVE HUMIDITY (PERCENT)
 HIGHEST    86           200 AM
 LOWEST     42           300 PM
 AVERAGE    64

..........................................................


THE MUSCLE SHOALS CLIMATE NORMALS FOR TOMORROW
                         NORMAL    RECORD    YEAR
 MAXIMUM TEMPERATURE (F)   77        90      1925
                                             1917
                                             1915
 MINIMUM TEMPERATURE (F)   53        35      1920
                                             1913


SUNRISE AND SUNSET
APRIL 27 2015.........SUNRISE   605 AM CDT   SUNSET   732 PM CDT
APRIL 28 2015.........SUNRISE   604 AM CDT   SUNSET   733 PM CDT


-  INDICATES NEGATIVE NUMBERS.
R  INDICATES RECORD WAS SET OR TIED.
MM INDICATES DATA IS MISSING.
T  INDICATES TRACE AMOUNT.




$$
