000
CDUS41 KBTV 210612
CLIMSS


CLIMATE REPORT
NATIONAL WEATHER SERVICE BURLINGTON VT
201 AM EDT TUE APR 21 2015


...................................

...THE MASSENA NY CLIMATE SUMMARY FOR APRIL 20 2015...

CLIMATE NORMAL PERIOD 1981 TO 2010
CLIMATE RECORD PERIOD 1948 TO 2015


WEATHER ITEM   OBSERVED TIME   RECORD YEAR NORMAL DEPARTURE LAST
                VALUE   (LST)  VALUE       VALUE  FROM      YEAR
                                                  NORMAL
..................................................................
TEMPERATURE (F)
 YESTERDAY
  MAXIMUM         60    512 PM  82    1987  57      3       63
  MINIMUM         42    806 AM  20    1974  35      7       25
  AVERAGE         51                        46      5       44

PRECIPITATION (IN)
  YESTERDAY        0.90R         0.76        0.09   0.81     0.00
  MONTH TO DATE    2.20                      1.87   0.33     2.43
  SINCE MAR 1      2.74                      3.96  -1.22     3.34
  SINCE JAN 1      4.16                      7.91  -3.75     6.08

DEGREE DAYS
 HEATING
  YESTERDAY       14                        19     -5       21
  MONTH TO DATE  447                       480    -33      514
  SINCE MAR 1   1742                      1624    118     1942
  SINCE JUL 1   7908                      7611    297     8111

 COOLING
  YESTERDAY        0                         0      0        0
  MONTH TO DATE    0                         0      0        0
  SINCE MAR 1      0                         0      0        0
  SINCE JAN 1      0                         0      0        0
..................................................................


WIND (MPH)
  HIGHEST WIND SPEED    24   HIGHEST WIND DIRECTION    SE (150)
  HIGHEST GUST SPEED    33   HIGHEST GUST DIRECTION    SE (140)
  AVERAGE WIND SPEED    10.2


SKY COVER
  AVERAGE SKY COVER 0.6


WEATHER CONDITIONS
 THE FOLLOWING WEATHER WAS RECORDED YESTERDAY.
  HEAVY RAIN
  RAIN
  LIGHT RAIN
  FOG


RELATIVE HUMIDITY (PERCENT)
 HIGHEST    96           900 AM
 LOWEST     49          1200 AM
 AVERAGE    73

..........................................................


THE MASSENA NY CLIMATE NORMALS FOR TODAY
                         NORMAL    RECORD    YEAR
 MAXIMUM TEMPERATURE (F)   57        84      1987
 MINIMUM TEMPERATURE (F)   35        21      1981


SUNRISE AND SUNSET
APRIL 21 2015.........SUNRISE   605 AM EDT   SUNSET   752 PM EDT
APRIL 22 2015.........SUNRISE   603 AM EDT   SUNSET   753 PM EDT


-  INDICATES NEGATIVE NUMBERS.
R  INDICATES RECORD WAS SET OR TIED.
MM INDICATES DATA IS MISSING.
T  INDICATES TRACE AMOUNT.




$$
