000
CDUS42 KKEY 030602
CLIMTH

CLIMATE REPORT
NATIONAL WEATHER SERVICE KEY WEST FL
205 AM EDT SUN MAY 3 2015

...................................

...THE MARATHON CLIMATE SUMMARY FOR MAY 2 2015...

CLIMATE NORMAL PERIOD 1981 TO 2010

WEATHER ITEM   OBSERVED TIME   NORMAL DEPARTURE LAST
                VALUE   (LST)  VALUE  FROM      YEAR
                                      NORMAL
......................................................
TEMPERATURE (F)
 YESTERDAY
  MAXIMUM         84    106 PM  84      0       89
  MINIMUM         73    659 AM  74     -1       80
  AVERAGE         79            79      0       85

PRECIPITATION (IN)
  YESTERDAY        0.00          0.10  -0.10     0.00
  MONTH TO DATE    0.00          0.20  -0.20     0.00
  SINCE MAR 1      4.21          4.97  -0.76     1.82
  SINCE JAN 1      6.44          8.79  -2.35     5.51

SNOWFALL (IN)
  YESTERDAY        0.0
  MONTH TO DATE    0.0
  SINCE MAR 1      0.0
  SINCE JUL 1      0.0
  SNOW DEPTH       0

DEGREE DAYS
 HEATING
  YESTERDAY        0             0      0        0
  MONTH TO DATE    0             0      0        0
  SINCE MAR 1      0             6     -6        0
  SINCE JUL 1     50            81    -31       35

 COOLING
  YESTERDAY       14            14      0       20
  MONTH TO DATE   27            28     -1       40
  SINCE MAR 1    951           682    269      793
  SINCE JAN 1   1338          1064    274     1299
......................................................

WIND (MPH)
  HIGHEST WIND SPEED    18   HIGHEST WIND DIRECTION     E (80)
  HIGHEST GUST SPEED    25   HIGHEST GUST DIRECTION     E (70)
  AVERAGE WIND SPEED    11.9

SKY COVER
  POSSIBLE SUNSHINE  MM
  AVERAGE SKY COVER 0.1

WEATHER CONDITIONS
 THE FOLLOWING WEATHER WAS RECORDED YESTERDAY.
  NO SIGNIFICANT WEATHER WAS OBSERVED.

RELATIVE HUMIDITY (PERCENT)
 HIGHEST    74
 LOWEST     54
 AVERAGE    64
..........................................................

THE MARATHON CLIMATE NORMALS FOR TODAY
                         NORMAL
 MAXIMUM TEMPERATURE (F)   84
 MINIMUM TEMPERATURE (F)   74

SUNRISE AND SUNSET
MAY  3 2015...........SUNRISE   648 AM EDT   SUNSET   755 PM EDT
MAY  4 2015...........SUNRISE   647 AM EDT   SUNSET   755 PM EDT

-  INDICATES NEGATIVE NUMBERS.
R  INDICATES RECORD WAS SET OR TIED.
MM INDICATES DATA IS MISSING.
T  INDICATES TRACE AMOUNT.

$$
BS
