000
CDUS45 KGJT 030740
CLIMTJ


CLIMATE REPORT
NATIONAL WEATHER SERVICE GRAND JUNCTION CO
130 AM MDT SUN MAY 3 2015


...................................

...THE MONTROSE CO CLIMATE SUMMARY FOR MAY 2 2015...

CLIMATE NORMAL PERIOD 1981 TO 2010
CLIMATE RECORD PERIOD 9999 TO 9999


WEATHER ITEM   OBSERVED TIME   RECORD YEAR NORMAL DEPARTURE LAST
                VALUE   (LST)  VALUE       VALUE  FROM      YEAR
                                                  NORMAL
..................................................................
TEMPERATURE (F)
 YESTERDAY
  MAXIMUM         79    108 PM  MM      MM  68     11       73
  MINIMUM         46    529 AM  MM      MM  39      7       35
  AVERAGE         63                        54      9       54

PRECIPITATION (IN)
  YESTERDAY        0.00         MM      MM   0.04  -0.04     0.00
  MONTH TO DATE    0.00                      0.09  -0.09     0.00
  SINCE MAR 1      1.34                      2.08  -0.74     1.08
  SINCE JAN 1      2.59                      3.31  -0.72     2.13

SNOWFALL (IN)
  YESTERDAY       MM            MM      MM  MM     MM       MM
  MONTH TO DATE   MM                        MM     MM       MM
  SINCE MAR 1     MM                        MM     MM       MM
  SINCE JUL 1     MM                        MM     MM       MM
  SNOW DEPTH      MM

DEGREE DAYS
 HEATING
  YESTERDAY        2                        11     -9       11
  MONTH TO DATE    3                        23    -20       33
  SINCE MAR 1   1017                      1246   -229     1197
  SINCE JUL 1   5105                      5961   -856     5929

 COOLING
  YESTERDAY        0                         0      0        0
  MONTH TO DATE    0                         0      0        0
  SINCE MAR 1      0                         0      0        0
  SINCE JAN 1      0                         0      0        0
..................................................................


WIND (MPH)
  HIGHEST WIND SPEED    26   HIGHEST WIND DIRECTION    SE (150)
  HIGHEST GUST SPEED    33   HIGHEST GUST DIRECTION    SE (150)
  AVERAGE WIND SPEED     8.0


SKY COVER
  POSSIBLE SUNSHINE  MM
  AVERAGE SKY COVER 0.1


WEATHER CONDITIONS
 THE FOLLOWING WEATHER WAS RECORDED YESTERDAY.
  NO SIGNIFICANT WEATHER WAS OBSERVED.


RELATIVE HUMIDITY (PERCENT)
 HIGHEST    60           600 AM
 LOWEST     12           100 PM
 AVERAGE    36

..........................................................


THE MONTROSE CO CLIMATE NORMALS FOR TODAY
                         NORMAL    RECORD    YEAR
 MAXIMUM TEMPERATURE (F)   69        MM        MM
 MINIMUM TEMPERATURE (F)   40        MM        MM


SUNRISE AND SUNSET
MAY  3 2015...........SUNRISE   612 AM MDT   SUNSET   805 PM MDT
MAY  4 2015...........SUNRISE   611 AM MDT   SUNSET   806 PM MDT


-  INDICATES NEGATIVE NUMBERS.
R  INDICATES RECORD WAS SET OR TIED.
MM INDICATES DATA IS MISSING.
T  INDICATES TRACE AMOUNT.




$$
