000
CDUS41 KBTV 270537
CLIMVL


CLIMATE REPORT
NATIONAL WEATHER SERVICE BURLINGTON VT
135 AM EDT MON APR 27 2015


...................................

...THE MORRISVILLE VT CLIMATE SUMMARY FOR APRIL 26 2015...

CLIMATE NORMAL PERIOD 1981 TO 2010
CLIMATE RECORD PERIOD 9999 TO 9999


WEATHER ITEM   OBSERVED TIME   NORMAL DEPARTURE LAST
                VALUE   (LST)  VALUE  FROM      YEAR
                                      NORMAL
......................................................
TEMPERATURE (F)
 YESTERDAY
  MAXIMUM         52    204 PM  60     -8       49
  MINIMUM         36    527 AM  34      2       40
  AVERAGE         44            47     -3       45

PRECIPITATION (IN)
  YESTERDAY        0.00          0.07  -0.07     0.16
  MONTH TO DATE    1.15          2.09  -0.94     2.32
  SINCE MAR 1      1.50          3.76  -2.26     4.99
  SINCE JAN 1      2.62          8.04  -5.42     9.59

DEGREE DAYS
 HEATING
  YESTERDAY       21            18      3       20
  MONTH TO DATE  642           624     18      624
  SINCE MAR 1   1938          1751    187     2076
  SINCE JUL 1   7620          7711    -91     8130

 COOLING
  YESTERDAY        0             0      0        0
  MONTH TO DATE    0             0      0        0
  SINCE MAR 1      0             0      0        0
  SINCE JAN 1      0             0      0        0
......................................................


WIND (MPH)
  HIGHEST WIND SPEED    14   HIGHEST WIND DIRECTION     N (340)
  HIGHEST GUST SPEED    18   HIGHEST GUST DIRECTION     N (350)
  AVERAGE WIND SPEED     4.9


SKY COVER
  AVERAGE SKY COVER 1.0


WEATHER CONDITIONS
 THE FOLLOWING WEATHER WAS RECORDED YESTERDAY.
  NO SIGNIFICANT WEATHER WAS OBSERVED.


RELATIVE HUMIDITY (PERCENT)
 HIGHEST    92           400 AM
 LOWEST     50          1200 PM
 AVERAGE    71

..........................................................


THE MORRISVILLE VT CLIMATE NORMALS FOR TODAY
                         NORMAL    RECORD    YEAR
 MAXIMUM TEMPERATURE (F)   60        88      2009
 MINIMUM TEMPERATURE (F)   35        21      1998


SUNRISE AND SUNSET
APRIL 27 2015.........SUNRISE   547 AM EDT   SUNSET   750 PM EDT
APRIL 28 2015.........SUNRISE   546 AM EDT   SUNSET   751 PM EDT


-  INDICATES NEGATIVE NUMBERS.
R  INDICATES RECORD WAS SET OR TIED.
MM INDICATES DATA IS MISSING.
T  INDICATES TRACE AMOUNT.




$$
