000
CDUS46 KMTR 010825
CLIOAK


CLIMATE REPORT
NATIONAL WEATHER SERVICE SAN FRANCISCO BAY AREA
125 AM PDT WED APR 1 2015


...................................

...THE OAKLAND AIRPORT CLIMATE SUMMARY FOR MARCH 31 2015...

CLIMATE NORMAL PERIOD 1981 TO 2010
CLIMATE RECORD PERIOD 1948 TO 2015


WEATHER ITEM   OBSERVED TIME   RECORD YEAR NORMAL DEPARTURE LAST
                VALUE   (LST)  VALUE       VALUE  FROM      YEAR
                                                  NORMAL
..................................................................
TEMPERATURE (F)
 YESTERDAY
  MAXIMUM         68    156 PM  81    2000  65      3       57
  MINIMUM         55    614 AM  38    1951  47      8       48
  AVERAGE         62                        56      6       53

PRECIPITATION (IN)
  YESTERDAY        0.00          0.91 1978   0.08  -0.08     0.57
  MONTH TO DATE    0.09                      3.08  -2.99     2.65
  SINCE OCT 1     13.31                     18.33  -5.02     7.81
  SINCE JAN 1      2.09                     11.02  -8.93     6.35

SNOWFALL (IN)
  YESTERDAY        0.0                                       0.0
  MONTH TO DATE    0.0                                       0.0
  SINCE MAR 1      0.0                                       0.0
  SINCE JUL 1      0.0                                       0.0

DEGREE DAYS
 HEATING
  YESTERDAY        3                         9     -6       12
  MONTH TO DATE  199                       332   -133      185
  SINCE MAR 1    199                       331   -132      185
  SINCE JUL 1   1508                      2353   -845     2006

 COOLING
  YESTERDAY        0                         0      0        0
  MONTH TO DATE    1                         1      0        1
  SINCE MAR 1      1                         1      0        1
  SINCE JAN 1      1                         1      0        1
..................................................................


WIND (MPH)
  RESULTANT WIND SPEED  15   RESULTANT WIND DIRECTION   W (290)
  HIGHEST WIND SPEED    28   HIGHEST WIND DIRECTION     W (280)
  HIGHEST GUST SPEED    38   HIGHEST GUST DIRECTION    NW (310)
  AVERAGE WIND SPEED    15.8


SKY COVER
  POSSIBLE SUNSHINE  MM
  AVERAGE SKY COVER 0.2


WEATHER CONDITIONS
 THE FOLLOWING WEATHER WAS RECORDED YESTERDAY.
  NO SIGNIFICANT WEATHER WAS OBSERVED.


RELATIVE HUMIDITY (PERCENT)
 HIGHEST    86           700 AM
 LOWEST     42           100 PM
 AVERAGE    64

..........................................................


THE OAKLAND AIRPORT CLIMATE NORMALS FOR TODAY
                         NORMAL    RECORD    YEAR
 MAXIMUM TEMPERATURE (F)   65        84      2000
 MINIMUM TEMPERATURE (F)   47        39      1976


SUNRISE AND SUNSET
APRIL  1 2015.........SUNRISE   654 AM PDT   SUNSET   732 PM PDT
APRIL  2 2015.........SUNRISE   653 AM PDT   SUNSET   733 PM PDT


-  INDICATES NEGATIVE NUMBERS.
R  INDICATES RECORD WAS SET OR TIED.
MM INDICATES DATA IS MISSING.
T  INDICATES TRACE AMOUNT.




$$
