000
CDUS46 KSGX 050020
CLIOKB


CLIMATE REPORT
NATIONAL WEATHER SERVICE SAN DIEGO, CA
519 PM PDT MON MAY 4 2015


...................................

...THE OCEANSIDE AIRPORT CA CLIMATE SUMMARY FOR MAY 4 2015...
VALID TODAY AS OF 0500 PM LOCAL TIME.

CLIMATE NORMAL PERIOD 1981 TO 2010
CLIMATE RECORD PERIOD 1999 TO 2015


WEATHER ITEM   OBSERVED TIME   RECORD YEAR NORMAL DEPARTURE LAST
                VALUE   (LST)  VALUE       VALUE  FROM      YEAR
                                                  NORMAL
..................................................................
TEMPERATURE (F)
 TODAY
  MAXIMUM         70   1058 AM  82    2004  69      1       74
  MINIMUM         61    633 AM  44    2011  52      9       48
  AVERAGE         66                        61      5       61

PRECIPITATION (IN)
  TODAY            0.00          T    2007   0.02  -0.02     0.00
  MONTH TO DATE    0.00                      0.08  -0.08     0.00
  SINCE OCT 1      5.92                     12.86  -6.94     4.19
  SINCE JAN 1      1.52                      8.98  -7.46     2.60

SNOWFALL (IN)
  TODAY            0.0
  MONTH TO DATE    0.0
  SINCE MAR 1      0.0
  SINCE JUL 1      0.0
  SNOW DEPTH       0

DEGREE DAYS
 HEATING
  TODAY            0                         5     -5        4
  MONTH TO DATE    4                        20    -16        4
  SINCE MAR 1    254                       506   -252      333
  SINCE JUL 1   1128                      1914   -786     1505

 COOLING
  TODAY            1                         0      1        0
  MONTH TO DATE    1                         0      1       14
  SINCE MAR 1     35                         3     32       30
  SINCE JAN 1     35                         3     32       30
..................................................................


WIND (MPH)
  RESULTANT WIND SPEED   6   RESULTANT WIND DIRECTION   W (280)
  HIGHEST WIND SPEED    18   HIGHEST WIND DIRECTION     W (290)
  HIGHEST GUST SPEED    26   HIGHEST GUST DIRECTION     W (280)
  AVERAGE WIND SPEED     6.8


SKY COVER
  POSSIBLE SUNSHINE  MM
  AVERAGE SKY COVER 0.8


WEATHER CONDITIONS
 THE FOLLOWING WEATHER WAS RECORDED TODAY.
  NO SIGNIFICANT WEATHER WAS OBSERVED.


RELATIVE HUMIDITY (PERCENT)
 HIGHEST    78           100 AM
 LOWEST     51          1100 AM
 AVERAGE    65

..........................................................


THE OCEANSIDE AIRPORT CA CLIMATE NORMALS FOR TOMORROW
                         NORMAL    RECORD    YEAR
 MAXIMUM TEMPERATURE (F)   69        75      2004
 MINIMUM TEMPERATURE (F)   52        46      2004


SUNRISE AND SUNSET
MAY  4 2015...........SUNRISE   559 AM PDT   SUNSET   734 PM PDT
MAY  5 2015...........SUNRISE   558 AM PDT   SUNSET   735 PM PDT


-  INDICATES NEGATIVE NUMBERS.
R  INDICATES RECORD WAS SET OR TIED.
MM INDICATES DATA IS MISSING.
T  INDICATES TRACE AMOUNT.




$$
