000
CDUS46 KSEW 020131
CLIOLM


CLIMATE REPORT
NATIONAL WEATHER SERVICE SEATTLE WA
631 PM PDT WED APR 1 2015


...................................

...THE OLYMPIA WA AIRPORT CLIMATE SUMMARY FOR APRIL 1 2015...
VALID TODAY AS OF 0600 PM LOCAL TIME.

CLIMATE NORMAL PERIOD 1981 TO 2010
CLIMATE RECORD PERIOD 1948 TO 2015


WEATHER ITEM   OBSERVED TIME   RECORD YEAR NORMAL DEPARTURE LAST
                VALUE   (LST)  VALUE       VALUE  FROM      YEAR
                                                  NORMAL
..................................................................
TEMPERATURE (F)
 TODAY
  MAXIMUM         52   1249 PM  77    1987  56     -4       58
  MINIMUM         37    559 AM  23    1975  37      0       40
  AVERAGE         45                        46     -1       49

PRECIPITATION (IN)
  TODAY            0.01          0.88 1974   0.15  -0.14      T
  MONTH TO DATE    0.01                      0.15  -0.14      T
  SINCE OCT 1     36.94                     39.24  -2.30    31.05
  SINCE JAN 1     17.91                     18.55  -0.64    22.21

DEGREE DAYS
 HEATING
  TODAY           20                        19      1       16
  MONTH TO DATE   20                        19      1       16
  SINCE MAR 1    545                       655   -110      593
  SINCE JUL 1   3580                      4377   -797     4376

 COOLING
  TODAY            0                         0      0        0
  MONTH TO DATE    0                         0      0        0
  SINCE MAR 1      0                         0      0        0
  SINCE JAN 1      0                         0      0        0
..................................................................


WIND (MPH)
  RESULTANT WIND SPEED   8   RESULTANT WIND DIRECTION  SW (210)
  HIGHEST WIND SPEED    14   HIGHEST WIND DIRECTION     W (270)
  HIGHEST GUST SPEED    17   HIGHEST GUST DIRECTION    SW (220)
  AVERAGE WIND SPEED     9.3


SKY COVER
  AVERAGE SKY COVER 0.4


WEATHER CONDITIONS
 THE FOLLOWING WEATHER WAS RECORDED TODAY.
  LIGHT RAIN


RELATIVE HUMIDITY (PERCENT)
 HIGHEST    92           400 AM
 LOWEST     59          1200 PM
 AVERAGE    76

..........................................................


THE OLYMPIA WA AIRPORT CLIMATE NORMALS FOR TOMORROW
                         NORMAL    RECORD    YEAR
 MAXIMUM TEMPERATURE (F)   57        78      1992
 MINIMUM TEMPERATURE (F)   37        23      2008


SUNRISE AND SUNSET
APRIL  1 2015.........SUNRISE   651 AM PDT   SUNSET   741 PM PDT
APRIL  2 2015.........SUNRISE   649 AM PDT   SUNSET   742 PM PDT


-  INDICATES NEGATIVE NUMBERS.
R  INDICATES RECORD WAS SET OR TIED.
MM INDICATES DATA IS MISSING.
T  INDICATES TRACE AMOUNT.




$$
