000
CDUS43 KOAX 270624
CLIOMA


CLIMATE REPORT
NATIONAL WEATHER SERVICE OMAHA NEBRASKA
123 AM CDT MON APR 27 2015


...................................

...THE OMAHA EPPLEY, NEBRASKA CLIMATE SUMMARY FOR APRIL 26 2015...

CLIMATE NORMAL PERIOD 1981 TO 2010
CLIMATE RECORD PERIOD 1871 TO 2015


WEATHER ITEM   OBSERVED TIME   RECORD YEAR NORMAL DEPARTURE LAST
                VALUE   (LST)  VALUE       VALUE  FROM      YEAR
                                                  NORMAL
..................................................................
TEMPERATURE (F)
 YESTERDAY
  MAXIMUM         64    514 PM  94    1989  67     -3       83
  MINIMUM         40    549 AM  29    1931  44     -4       45
  AVERAGE         52                        56     -4       64

PRECIPITATION (IN)
  YESTERDAY        0.00          1.73 1991   0.12  -0.12     0.00
  MONTH TO DATE    3.67                      2.47   1.20     1.99
  SINCE MAR 1      4.21                      4.46  -0.25     2.20
  SINCE JAN 1      5.35                      6.03  -0.68     3.06

SNOWFALL (IN)
  YESTERDAY        0.0                       0.0    0.0      0.0
  MONTH TO DATE    T                         0.9   -0.9      0.6
  SINCE JUL 1     13.8                      26.3  -12.5     17.8
  SNOW DEPTH       0

DEGREE DAYS
 HEATING
  YESTERDAY       13                        10      3        1
  MONTH TO DATE  285                       375    -90      353
  SINCE MAR 1    937                      1166   -229     1232
  SINCE JUL 1   5648                      5964   -316     6337

 COOLING
  YESTERDAY        0                         1     -1        0
  MONTH TO DATE    5                        10     -5       15
  SINCE MAR 1      5                        11     -6       15
  SINCE JAN 1      5                        11     -6       15
..................................................................


WIND (MPH)
  HIGHEST WIND SPEED    20   HIGHEST WIND DIRECTION    NE (060)
  HIGHEST GUST SPEED    28   HIGHEST GUST DIRECTION     E (110)
  AVERAGE WIND SPEED     8.7


SKY COVER
  POSSIBLE SUNSHINE  MM
  AVERAGE SKY COVER 0.3


WEATHER CONDITIONS
 THE FOLLOWING WEATHER WAS RECORDED YESTERDAY.
  FOG


RELATIVE HUMIDITY (PERCENT)
 HIGHEST    93           500 AM
 LOWEST     34           300 PM
 AVERAGE    64

..........................................................


THE OMAHA EPPLEY, NEBRASKA CLIMATE NORMALS FOR TODAY
                         NORMAL    RECORD    YEAR
 MAXIMUM TEMPERATURE (F)   68        92      1989
 MINIMUM TEMPERATURE (F)   44        30      1950
                                             1908


SUNRISE AND SUNSET
APRIL 27 2015.........SUNRISE   627 AM CDT   SUNSET   816 PM CDT
APRIL 28 2015.........SUNRISE   625 AM CDT   SUNSET   818 PM CDT


-  INDICATES NEGATIVE NUMBERS.
R  INDICATES RECORD WAS SET OR TIED.
MM INDICATES DATA IS MISSING.
T  INDICATES TRACE AMOUNT.




$$
