000
CDUS46 KSGX 031420
CLIONT


CLIMATE REPORT
NATIONAL WEATHER SERVICE SAN DIEGO, CA
720 AM PDT SUN MAY 3 2015


...................................

...THE ONTARIO INTL AIRPORT CA CLIMATE SUMMARY FOR MAY 2 2015...

CLIMATE NORMAL PERIOD 1981 TO 2010
CLIMATE RECORD PERIOD 1998 TO 2015


WEATHER ITEM   OBSERVED TIME   RECORD YEAR NORMAL DEPARTURE LAST
                VALUE   (LST)  VALUE       VALUE  FROM      YEAR
                                                  NORMAL
..................................................................
TEMPERATURE (F)
 YESTERDAY
  MAXIMUM         90   1158 AM 101    2004  77     13       98
  MINIMUM         57   1159 PM  46    1999  54      3       60
  AVERAGE         74                        65      9       79

PRECIPITATION (IN)
  YESTERDAY        0.00          0.06 2003   0.01  -0.01     0.00
  MONTH TO DATE    0.00                      0.03  -0.03     0.00
  SINCE OCT 1      8.93                     14.16  -5.23     4.30
  SINCE JAN 1      3.29                      9.99  -6.70     3.42

SNOWFALL (IN)
  YESTERDAY        0.0
  MONTH TO DATE    0.0
  SINCE MAR 1      0.0
  SINCE JUL 1      0.0
  SNOW DEPTH       0

DEGREE DAYS
 HEATING
  YESTERDAY        0                         2     -2        0
  MONTH TO DATE    0                         4     -4        0
  SINCE MAR 1    113                       340   -227      136
  SINCE JUL 1    713                      1497   -784      822

 COOLING
  YESTERDAY        9                         3      6       14
  MONTH TO DATE   23                         5     18       30
  SINCE MAR 1    219                        58    161      170
  SINCE JAN 1    249                        64    185      200
..................................................................


WIND (MPH)
  RESULTANT WIND SPEED   7   RESULTANT WIND DIRECTION   W (260)
  HIGHEST WIND SPEED    22   HIGHEST WIND DIRECTION     W (260)
  HIGHEST GUST SPEED    28   HIGHEST GUST DIRECTION     W (270)
  AVERAGE WIND SPEED     8.8


SKY COVER
  POSSIBLE SUNSHINE  MM
  AVERAGE SKY COVER 0.2


WEATHER CONDITIONS
 THE FOLLOWING WEATHER WAS RECORDED YESTERDAY.
  NO SIGNIFICANT WEATHER WAS OBSERVED.


RELATIVE HUMIDITY (PERCENT)
 HIGHEST    72          1100 PM
 LOWEST     15          1100 AM
 AVERAGE    44

..........................................................


THE ONTARIO INTL AIRPORT CA CLIMATE NORMALS FOR TODAY
                         NORMAL    RECORD    YEAR
 MAXIMUM TEMPERATURE (F)   77       103      2004
                                             1970
 MINIMUM TEMPERATURE (F)   54        49      2002


SUNRISE AND SUNSET
MAY  3 2015...........SUNRISE   559 AM PDT   SUNSET   736 PM PDT
MAY  4 2015...........SUNRISE   558 AM PDT   SUNSET   737 PM PDT


-  INDICATES NEGATIVE NUMBERS.
R  INDICATES RECORD WAS SET OR TIED.
MM INDICATES DATA IS MISSING.
T  INDICATES TRACE AMOUNT.




$$
