000
CDUS45 KRIW 060735
CLIP60


CLIMATE REPORT
NATIONAL WEATHER SERVICE RIVERTON WY
135 AM MDT WED MAY 6 2015


...................................

...THE LAKE YELLOWSTONE WY CLIMATE SUMMARY FOR MAY 5 2015...

CLIMATE NORMAL PERIOD 1981 TO 2010
CLIMATE RECORD PERIOD 1998 TO 2015


WEATHER ITEM   OBSERVED TIME   RECORD YEAR NORMAL DEPARTURE LAST
                VALUE   (LST)  VALUE       VALUE  FROM      YEAR
                                                  NORMAL
..................................................................
TEMPERATURE (F)
 YESTERDAY
  MAXIMUM         59    407 PM  62    2004  48     11       50
  MINIMUM         28    546 AM   3    2010  26      2       28
  AVERAGE         44                        37      7       39

PRECIPITATION (IN)
  YESTERDAY        0.00          0.28 2012   0.07  -0.07     0.00
  MONTH TO DATE    0.04                      0.35  -0.31     0.00
  SINCE MAR 1      1.78                      3.64  -1.86     8.36
  SINCE JAN 1      4.67                      7.16  -2.49    13.44

DEGREE DAYS
 HEATING
  YESTERDAY       21                        28     -7       26
  MONTH TO DATE  111                       143    -32      122
  SINCE MAR 1   2273                      2457   -184     2609
  SINCE JUL 1   9837                     10394   -557    10662

 COOLING
  YESTERDAY        0                         0      0        0
  MONTH TO DATE    0                         0      0        0
  SINCE MAR 1      0                         0      0        0
  SINCE JAN 1      0                         0      0        0
..................................................................


WIND (MPH)
  HIGHEST WIND SPEED    16   HIGHEST WIND DIRECTION    NW (300)
  HIGHEST GUST SPEED    25   HIGHEST GUST DIRECTION    NW (300)
  AVERAGE WIND SPEED     2.8


SKY COVER
  POSSIBLE SUNSHINE  MM
  AVERAGE SKY COVER 0.0


WEATHER CONDITIONS
 THE FOLLOWING WEATHER WAS RECORDED YESTERDAY.
  NO SIGNIFICANT WEATHER WAS OBSERVED.


RELATIVE HUMIDITY (PERCENT)
 HIGHEST    92           100 AM
 LOWEST     38           200 PM
 AVERAGE    65

..........................................................


THE LAKE YELLOWSTONE WY CLIMATE NORMALS FOR TODAY
                         NORMAL    RECORD    YEAR
 MAXIMUM TEMPERATURE (F)   49        63      2004
 MINIMUM TEMPERATURE (F)   26         8      1999


SUNRISE AND SUNSET
MAY  6 2015...........SUNRISE   605 AM MDT   SUNSET   832 PM MDT
MAY  7 2015...........SUNRISE   604 AM MDT   SUNSET   833 PM MDT


-  INDICATES NEGATIVE NUMBERS.
R  INDICATES RECORD WAS SET OR TIED.
MM INDICATES DATA IS MISSING.
T  INDICATES TRACE AMOUNT.




$$
