000
CDUS45 KLKN 020029
CLIP68


CLIMATE REPORT
NATIONAL WEATHER SERVICE ELKO NV
527 PM PDT WED APR 1 2015


...................................

...THE EUREKA AIRPORT NV CLIMATE SUMMARY FOR APRIL 1 2015...
VALID TODAY AS OF 0500 PM LOCAL TIME.

CLIMATE NORMAL PERIOD 1981 TO 2010
CLIMATE RECORD PERIOD 1963 TO 2015


WEATHER ITEM   OBSERVED TIME   RECORD YEAR NORMAL DEPARTURE LAST
                VALUE   (LST)  VALUE       VALUE  FROM      YEAR
                                                  NORMAL
..................................................................
TEMPERATURE (F)
 TODAY
  MAXIMUM         54    306 PM  76    2011  55     -1       41
  MINIMUM         19    605 AM   4    1967  26     -7       26
  AVERAGE         37                        40     -3       34

PRECIPITATION (IN)
  TODAY            0.00          0.43 1984   0.03  -0.03     0.03
  MONTH TO DATE    0.00                      0.03  -0.03     0.03
  SINCE OCT 1      2.02                      4.69  -2.67     4.77
  SINCE JAN 1      0.90                      2.56  -1.66     2.37

DEGREE DAYS
 HEATING
  TODAY           28                        25      3       31
  MONTH TO DATE   28                        25      3       31
  SINCE MAR 1    668                       896   -228      809
  SINCE JUL 1   4711                      6181  -1470     5613

 COOLING
  TODAY            0                         0      0        0
  MONTH TO DATE    0                         0      0        0
  SINCE MAR 1      0                         0      0        0
  SINCE JAN 1      0                         0      0        0
..................................................................


WIND (MPH)
  HIGHEST WIND SPEED    13   HIGHEST WIND DIRECTION    NE (30)
  HIGHEST GUST SPEED    19   HIGHEST GUST DIRECTION    NW (320)




RELATIVE HUMIDITY (PERCENT)
 HIGHEST    68           500 AM
 LOWEST     11           300 PM
 AVERAGE    40

..........................................................


THE EUREKA AIRPORT NV CLIMATE NORMALS FOR TOMORROW
                         NORMAL    RECORD    YEAR
 MAXIMUM TEMPERATURE (F)   55        70      1985
 MINIMUM TEMPERATURE (F)   26        10      1980


SUNRISE AND SUNSET
APRIL  1 2015.........SUNRISE   628 AM PDT   SUNSET   708 PM PDT
APRIL  2 2015.........SUNRISE   627 AM PDT   SUNSET   709 PM PDT


-  INDICATES NEGATIVE NUMBERS.
R  INDICATES RECORD WAS SET OR TIED.
MM INDICATES DATA IS MISSING.
T  INDICATES TRACE AMOUNT.




$$
