000
CDUS43 KPAH 210633
CLIPAH


CLIMATE REPORT
NATIONAL WEATHER SERVICE PADUCAH KY
130 AM CDT TUE APR 21 2015


...................................

...THE PADUCAH KY CLIMATE SUMMARY FOR APRIL 20 2015...

CLIMATE NORMAL PERIOD 1981 TO 2010
CLIMATE RECORD PERIOD 1937 TO 2015


WEATHER ITEM   OBSERVED TIME   RECORD YEAR NORMAL DEPARTURE LAST
                VALUE   (LST)  VALUE       VALUE  FROM      YEAR
                                                  NORMAL
..................................................................
TEMPERATURE (F)
 YESTERDAY
  MAXIMUM         65    251 PM  88    1987  71     -6       80
                                      1971
  MINIMUM         43   1141 PM  27    1983  48     -5       47
  AVERAGE         54                        60     -6       64

PRECIPITATION (IN)
  YESTERDAY        0.03          2.71 1995   0.16  -0.13     0.00
  MONTH TO DATE    5.68                      3.03   2.65     4.73
  SINCE MAR 1     14.41                      6.96   7.45     8.38
  SINCE JAN 1     21.70                     14.55   7.15    13.56

SNOWFALL (IN)
  YESTERDAY        0.0           0.0  2002   0.0    0.0      0.0
                                      2001
  MONTH TO DATE    0.0                       0.0    0.0      0.0
  SINCE MAR 1     12.1                       0.6   11.5      5.6
  SINCE JUL 1     28.6                       9.1   19.5     18.5
  SNOW DEPTH       0

DEGREE DAYS
 HEATING
  YESTERDAY       11                         7      4        1
  MONTH TO DATE   78                       190   -112      155
  SINCE MAR 1    673                       713    -40      801
  SINCE JUL 1   4342                      4009    333     4456

 COOLING
  YESTERDAY        0                         1     -1        0
  MONTH TO DATE   38                        20     18       21
  SINCE MAR 1     39                        27     12       21
  SINCE JAN 1     39                        27     12       21
..................................................................


WIND (MPH)
  HIGHEST WIND SPEED    20   HIGHEST WIND DIRECTION     W (270)
  HIGHEST GUST SPEED    27   HIGHEST GUST DIRECTION     W (290)
  AVERAGE WIND SPEED     9.4


SKY COVER
  POSSIBLE SUNSHINE  MM
  AVERAGE SKY COVER 0.7


WEATHER CONDITIONS
 THE FOLLOWING WEATHER WAS RECORDED YESTERDAY.
  LIGHT RAIN
  FOG


RELATIVE HUMIDITY (PERCENT)
 HIGHEST    93           100 AM
 LOWEST     36           500 PM
 AVERAGE    65

..........................................................


THE PADUCAH KY CLIMATE NORMALS FOR TODAY
                         NORMAL    RECORD    YEAR
 MAXIMUM TEMPERATURE (F)   71        90      1987
                                             1946
 MINIMUM TEMPERATURE (F)   48        30      1943


SUNRISE AND SUNSET
APRIL 21 2015.........SUNRISE   613 AM CDT   SUNSET   735 PM CDT
APRIL 22 2015.........SUNRISE   612 AM CDT   SUNSET   736 PM CDT


-  INDICATES NEGATIVE NUMBERS.
R  INDICATES RECORD WAS SET OR TIED.
MM INDICATES DATA IS MISSING.
T  INDICATES TRACE AMOUNT.

.........................................................

***** AGRICULTURAL DATA *****

SOIL TEMPERATURES AT A DEPTH OF FOUR INCHES

UNDER GRASS...  MAXIMUM: 63  MINIMUM: 63


$$
