000
CDUS42 KMFL 172015
CLIPBI


CLIMATE REPORT
NATIONAL WEATHER SERVICE MIAMI, FL
415 PM EDT FRI APR 17 2015


...................................

...THE WEST PALM BEACH CLIMATE SUMMARY FOR APRIL 17 2015...
VALID TODAY AS OF 0400 PM LOCAL TIME.

CLIMATE NORMAL PERIOD 1981 TO 2010
CLIMATE RECORD PERIOD 1888 TO 2015


WEATHER ITEM   OBSERVED TIME   RECORD YEAR NORMAL DEPARTURE LAST
                VALUE   (LST)  VALUE       VALUE  FROM      YEAR
                                                  NORMAL
..................................................................
TEMPERATURE (F)
 TODAY
  MAXIMUM         89    117 PM  93    1972  82      7       83
                                      1908
  MINIMUM         74    530 AM  45    1913  66      8       75
  AVERAGE         82                        74      8       79

PRECIPITATION (IN)
  TODAY            0.02         15.22 1942   0.13  -0.11     0.03
  MONTH TO DATE    0.50                      2.22  -1.72     0.75
  SINCE NOV 1      8.34                     20.89 -12.55    21.75
  SINCE JAN 1      4.64                     12.76  -8.12    14.63

SNOWFALL (IN)
  TODAY            0.0
  MONTH TO DATE    0.0
  SINCE MAR 1      0.0
  SINCE JUL 1      0.0
  SNOW DEPTH       0

DEGREE DAYS
 HEATING
  TODAY            0                         0      0        0
  MONTH TO DATE    0                         0      0        0
  SINCE MAR 1      2                        24    -22        7
  SINCE JUL 1    126                       229   -103      122

 COOLING
  TODAY           17                         9      8       14
  MONTH TO DATE  236                       137     99      176
  SINCE MAR 1    589                       330    259      378
  SINCE JAN 1    867                       565    302      724
..................................................................


WIND (MPH)
  HIGHEST WIND SPEED    20   HIGHEST WIND DIRECTION    SE (130)
  HIGHEST GUST SPEED    25   HIGHEST GUST DIRECTION    SE (130)
  AVERAGE WIND SPEED     6.7


SKY COVER
  AVERAGE SKY COVER 0.5


WEATHER CONDITIONS
 THE FOLLOWING WEATHER WAS RECORDED TODAY.
  THUNDERSTORM
  LIGHT RAIN


RELATIVE HUMIDITY (PERCENT)
 HIGHEST    94
 LOWEST     55
 AVERAGE    75

..........................................................


THE WEST PALM BEACH CLIMATE NORMALS FOR TOMORROW
                         NORMAL    RECORD    YEAR
 MAXIMUM TEMPERATURE (F)   82        91      1967
 MINIMUM TEMPERATURE (F)   66        49      1983


SUNRISE AND SUNSET
APRIL 17 2015.........SUNRISE   655 AM EDT   SUNSET   745 PM EDT
APRIL 18 2015.........SUNRISE   654 AM EDT   SUNSET   746 PM EDT


-  INDICATES NEGATIVE NUMBERS.
R  INDICATES RECORD WAS SET OR TIED.
MM INDICATES DATA IS MISSING.
T  INDICATES TRACE AMOUNT.




$$
