000
CDUS46 KPQR 020222
CLIPDX


CLIMATE REPORT
NATIONAL WEATHER SERVICE PORTLAND OREGON
721 PM PDT WED APR 1 2015


...................................

...THE PORTLAND OR CLIMATE SUMMARY FOR APRIL 1 2015...
VALID TODAY AS OF 0700 PM LOCAL TIME.

CLIMATE NORMAL PERIOD 1981 TO 2010
CLIMATE RECORD PERIOD 1940 TO 2015


WEATHER ITEM   OBSERVED TIME   RECORD YEAR NORMAL DEPARTURE LAST
                VALUE   (LST)  VALUE       VALUE  FROM      YEAR
                                                  NORMAL
..................................................................
TEMPERATURE (F)
 TODAY
  MAXIMUM         55   1256 PM  79    1987  59     -4       51
  MINIMUM         41    259 AM  30    1971  42     -1       44
  AVERAGE         48                        50     -2       48

PRECIPITATION (IN)
  TODAY            0.13          0.39 1996   0.10   0.03     0.14
  MONTH TO DATE    0.13                      0.10   0.03     0.14
  SINCE OCT 1     26.86                     26.44   0.42    21.30
  SINCE JAN 1     11.88                     12.32  -0.44    15.48

DEGREE DAYS
 HEATING
  TODAY           17                        15      2       17
  MONTH TO DATE   17                        15      2       17
  SINCE MAR 1    399                       537   -138      501
  SINCE JUL 1   2871                      3595   -724     3799

 COOLING
  TODAY            0                         0      0        0
  MONTH TO DATE    0                         0      0        0
  SINCE MAR 1      0                         0      0        0
  SINCE JAN 1      0                         0      0        0
..................................................................


WIND (MPH)
  HIGHEST WIND SPEED    23   HIGHEST WIND DIRECTION    NW (310)
  HIGHEST GUST SPEED    29   HIGHEST GUST DIRECTION    NW (300)
  AVERAGE WIND SPEED     4.7



WEATHER CONDITIONS
 THE FOLLOWING WEATHER WAS RECORDED TODAY.
  RAIN
  LIGHT RAIN
  FOG


RELATIVE HUMIDITY (PERCENT)
 HIGHEST   100           100 AM
 LOWEST     59           100 PM
 AVERAGE    80

..........................................................


THE PORTLAND OR CLIMATE NORMALS FOR TOMORROW
                         NORMAL    RECORD    YEAR
 MAXIMUM TEMPERATURE (F)   59        79      1992
                                             1944
 MINIMUM TEMPERATURE (F)   42        30      1972


SUNRISE AND SUNSET
APRIL  1 2015.........SUNRISE   651 AM PDT   SUNSET   738 PM PDT
APRIL  2 2015.........SUNRISE   649 AM PDT   SUNSET   740 PM PDT


-  INDICATES NEGATIVE NUMBERS.
R  INDICATES RECORD WAS SET OR TIED.
MM INDICATES DATA IS MISSING.
T  INDICATES TRACE AMOUNT.




$$
