000
CDUS43 KUNR 180832
CLIPHP


CLIMATE REPORT
NATIONAL WEATHER SERVICE RAPID CITY SD
231 AM MDT SAT APR 18 2015


...................................

...THE PHILIP SD CLIMATE SUMMARY FOR APRIL 17 2015...

CLIMATE NORMAL PERIOD 1981 TO 2010
CLIMATE RECORD PERIOD 9999 TO 9999


WEATHER ITEM   OBSERVED TIME   NORMAL DEPARTURE LAST
                VALUE   (LST)  VALUE  FROM      YEAR
                                      NORMAL
......................................................
TEMPERATURE (F)
 YESTERDAY
  MAXIMUM         67    142 PM  61      6       52
  MINIMUM         34    457 AM  33      1       28
  AVERAGE         51            47      4       40

PRECIPITATION (IN)
  YESTERDAY        0.17          0.07   0.10      T
  MONTH TO DATE    0.27          0.79  -0.52     0.54
  SINCE MAR 1      0.36          2.06  -1.70     1.08
  SINCE JAN 1      0.47          2.84  -2.37     1.56

DEGREE DAYS
 HEATING
  YESTERDAY       14            18     -4       25
  MONTH TO DATE  314           359    -45      395
  SINCE MAR 1   1044          1297   -253     1385
  SINCE JUL 1   6184          6662   -478     6988

 COOLING
  YESTERDAY        0             0      0        0
  MONTH TO DATE    0             0      0        0
  SINCE MAR 1      3             0      3        0
  SINCE JAN 1      3             0      3        0
......................................................


WIND (MPH)
  HIGHEST WIND SPEED    18   HIGHEST WIND DIRECTION     S (170)
  HIGHEST GUST SPEED    23   HIGHEST GUST DIRECTION     S (180)
  AVERAGE WIND SPEED     6.5


SKY COVER
  AVERAGE SKY COVER 0.7


WEATHER CONDITIONS
 THE FOLLOWING WEATHER WAS RECORDED YESTERDAY.
  RAIN
  LIGHT RAIN
  FOG


RELATIVE HUMIDITY (PERCENT)
 HIGHEST    89           800 PM
 LOWEST     26          1200 PM
 AVERAGE    58

..........................................................




SUNRISE AND SUNSET
APRIL 18 2015.........SUNRISE   558 AM MDT   SUNSET   734 PM MDT
APRIL 19 2015.........SUNRISE   557 AM MDT   SUNSET   735 PM MDT


-  INDICATES NEGATIVE NUMBERS.
R  INDICATES RECORD WAS SET OR TIED.
MM INDICATES DATA IS MISSING.
T  INDICATES TRACE AMOUNT.




$$
