000
CDUS45 KPIH 062328
CLIPIH


CLIMATE REPORT
NATIONAL WEATHER SERVICE POCATELLO ID
523 PM MDT WED MAY 6 2015


...................................

...THE POCATELLO ID CLIMATE SUMMARY FOR MAY 6 2015...
VALID TODAY AS OF 0500 PM LOCAL TIME.

CLIMATE NORMAL PERIOD 1981 TO 2010
CLIMATE RECORD PERIOD 1939 TO 2015


WEATHER ITEM   OBSERVED TIME   RECORD YEAR NORMAL DEPARTURE LAST
                VALUE   (LST)  VALUE       VALUE  FROM      YEAR
                                                  NORMAL
..................................................................
TEMPERATURE (F)
 TODAY
  MAXIMUM         64    236 PM  88    1992  65     -1       51
  MINIMUM         45    622 AM  25    2003  37      8       39
  AVERAGE         55                        51      4       45

PRECIPITATION (IN)
  TODAY            0.00          0.43 1995   0.04  -0.04     0.28
  MONTH TO DATE    T                         0.28  -0.28     0.28
  SINCE OCT 1      4.15                      7.87  -3.72     7.02
  SINCE JAN 1      1.76                      4.65  -2.89     5.65

SNOWFALL (IN)
  TODAY            0.0
  MONTH TO DATE    0.0
  SINCE MAR 1      5.5
  SINCE JUL 1     20.3
  SNOW DEPTH       0

DEGREE DAYS
 HEATING
  TODAY           10                        14     -4       20
  MONTH TO DATE   42                        88    -46       57
  SINCE MAR 1   1232                      1509   -277     1347
  SINCE JUL 1   5573                      6782  -1209     6327

 COOLING
  TODAY            0                         0      0        0
  MONTH TO DATE    0                         0      0        0
  SINCE MAR 1      0                         0      0        0
  SINCE JAN 1      0                         0      0        0
..................................................................


WIND (MPH)
  HIGHEST WIND SPEED    24   HIGHEST WIND DIRECTION    SW (220)
  HIGHEST GUST SPEED    30   HIGHEST GUST DIRECTION    SW (220)
  AVERAGE WIND SPEED    13.6


SKY COVER
  POSSIBLE SUNSHINE  MM
  AVERAGE SKY COVER 0.2


WEATHER CONDITIONS
 THE FOLLOWING WEATHER WAS RECORDED TODAY.
  NO SIGNIFICANT WEATHER WAS OBSERVED.


RELATIVE HUMIDITY (PERCENT)
 HIGHEST    41           600 AM
 LOWEST     26          1200 AM
 AVERAGE    34

..........................................................


THE POCATELLO ID CLIMATE NORMALS FOR TOMORROW
                         NORMAL    RECORD    YEAR
 MAXIMUM TEMPERATURE (F)   65        88      1947
 MINIMUM TEMPERATURE (F)   38        21      2010


SUNRISE AND SUNSET
MAY  6 2015...........SUNRISE   618 AM MDT   SUNSET   837 PM MDT
MAY  7 2015...........SUNRISE   617 AM MDT   SUNSET   838 PM MDT


-  INDICATES NEGATIVE NUMBERS.
R  INDICATES RECORD WAS SET OR TIED.
MM INDICATES DATA IS MISSING.
T  INDICATES TRACE AMOUNT.




$$
