000
CDUS44 KMOB 202231
CLIPNS


CLIMATE REPORT
NATIONAL WEATHER SERVICE MOBILE AL
530 PM CDT MON APR 20 2015


...................................

...THE PENSACOLA CLIMATE SUMMARY FOR APRIL 20 2015...
VALID TODAY AS OF 0500 PM LOCAL TIME.

CLIMATE NORMAL PERIOD 1981 TO 2010
CLIMATE RECORD PERIOD 1879 TO 2015


WEATHER ITEM   OBSERVED TIME   RECORD YEAR NORMAL DEPARTURE LAST
                VALUE   (LST)  VALUE       VALUE  FROM      YEAR
                                                  NORMAL
..................................................................
TEMPERATURE (F)
 TODAY
  MAXIMUM         78    244 PM  86    1987  77      1       66
  MINIMUM         72    758 AM  43    1953  59     13       56
  AVERAGE         75                        68      7       61

PRECIPITATION (IN)
  TODAY            0.00          3.72 1912   0.15  -0.15     0.00
  MONTH TO DATE    9.01                      3.02   5.99     9.06
  SINCE MAR 1     11.39                      8.83   2.56    18.84
  SINCE JAN 1     21.80                     18.52   3.28    30.17

DEGREE DAYS
 HEATING
  TODAY            0                         1     -1        4
  MONTH TO DATE    1                        44    -43       41
  SINCE MAR 1    101                       220   -119      246
  SINCE JUL 1   1544                      1528     16     1583

 COOLING
  TODAY           10                         4      6        0
  MONTH TO DATE  146                        53     93       49
  SINCE MAR 1    248                        86    162       55
  SINCE JAN 1    255                       100    155       70
..................................................................


WIND (MPH)
  HIGHEST WIND SPEED    17   HIGHEST WIND DIRECTION    SW (210)
  HIGHEST GUST SPEED    24   HIGHEST GUST DIRECTION    SW (230)
  AVERAGE WIND SPEED    10.6


SKY COVER
  POSSIBLE SUNSHINE  MM
  AVERAGE SKY COVER 0.2


WEATHER CONDITIONS
 THE FOLLOWING WEATHER WAS RECORDED TODAY.
  NO SIGNIFICANT WEATHER WAS OBSERVED.


RELATIVE HUMIDITY (PERCENT)
 HIGHEST    93          1200 AM
 LOWEST     60           400 PM
 AVERAGE    77

..........................................................


THE PENSACOLA CLIMATE NORMALS FOR TOMORROW
                         NORMAL    RECORD    YEAR
 MAXIMUM TEMPERATURE (F)   77        89      1987
 MINIMUM TEMPERATURE (F)   59        43      1953


SUNRISE AND SUNSET
APRIL 20 2015.........SUNRISE   616 AM CDT   SUNSET   720 PM CDT
APRIL 21 2015.........SUNRISE   615 AM CDT   SUNSET   720 PM CDT


-  INDICATES NEGATIVE NUMBERS.
R  INDICATES RECORD WAS SET OR TIED.
MM INDICATES DATA IS MISSING.
T  INDICATES TRACE AMOUNT.




$$
