000
CDUS45 KFGZ 270845
CLIPRC
CLIMATE REPORT
NATIONAL WEATHER SERVICE FLAGSTAFF, AZ
143 AM MST MON APR 27 2015


...................................

...THE PRESCOTT AZ AIRPORT CLIMATE SUMMARY FOR APRIL 26 2015...

CLIMATE NORMAL PERIOD 1981 TO 2010
CLIMATE RECORD PERIOD 1948 TO 2015


WEATHER ITEM   OBSERVED TIME   RECORD YEAR NORMAL DEPARTURE LAST
                VALUE   (LST)  VALUE       VALUE  FROM      YEAR
                                                  NORMAL
..................................................................
TEMPERATURE (F)
 YESTERDAY
  MAXIMUM         58    400 PM  89    1996  70    -12       58
  MINIMUM         39   1214 AM  26    1964  41     -2       35
  AVERAGE         49                        56     -7

PRECIPITATION (IN)
  YESTERDAY        0.07          0.33 1959   0.01   0.06     0.28
  MONTH TO DATE    0.35                      0.45  -0.10     0.29
  SINCE SEP 1      8.77                      8.34   0.43     5.69
  SINCE JAN 1      4.09                      4.03   0.06     0.97

DEGREE DAYS
 HEATING
  YESTERDAY       16                                6
  MONTH TO DATE  309                              -27
  SINCE JUL 1   3241                             -842

 COOLING
  YESTERDAY        0                                0
  MONTH TO DATE    0                                0
  SINCE JAN 1      0                                0
..................................................................


WIND (MPH)
  HIGHEST WIND SPEED    24   HIGHEST WIND DIRECTION     N (340)
  HIGHEST GUST SPEED    31   HIGHEST GUST DIRECTION     N (360)
  AVERAGE WIND SPEED    10.6


SKY COVER
  AVERAGE SKY COVER 0.8


WEATHER CONDITIONS
 THE FOLLOWING WEATHER WAS RECORDED YESTERDAY.
  LIGHT RAIN


RELATIVE HUMIDITY (PERCENT)
 HIGHEST    85
 LOWEST     41

..........................................................


THE PRESCOTT AZ AIRPORT CLIMATE NORMALS FOR TODAY
                         NORMAL    RECORD    YEAR
 MAXIMUM TEMPERATURE (F)   71        86      1996
 MINIMUM TEMPERATURE (F)   41        25      1984


SUNRISE AND SUNSET
APRIL 27 2015.........SUNRISE   544 AM MST   SUNSET   711 PM MST
APRIL 28 2015.........SUNRISE   543 AM MST   SUNSET   712 PM MST


-  INDICATES NEGATIVE NUMBERS.
R  INDICATES RECORD WAS SET OR TIED.
MM INDICATES DATA IS MISSING.
T  INDICATES TRACE AMOUNT.




$$
