000
CDUS46 KPDT 280858
CLIPSC

CLIMATE REPORT
NATIONAL WEATHER SERVICE PENDLETON OR
134 AM PDT TUE APR 28 2015


...................................

...THE PASCO WA CLIMATE SUMMARY FOR APRIL 27 2015...

CLIMATE NORMAL PERIOD 1981 TO 2010
CLIMATE RECORD PERIOD 1948 TO 2015


WEATHER ITEM   OBSERVED TIME   RECORD YEAR NORMAL DEPARTURE LAST
                VALUE   (LST)  VALUE       VALUE  FROM      YEAR
                                                  NORMAL
..................................................................
TEMPERATURE (F)
 YESTERDAY
  MAXIMUM         79    433 PM  83    2004  71      8       63
  MINIMUM         40    513 AM  34    2009  40      0       42
  AVERAGE         60                        55      5       53

PRECIPITATION (IN)
  YESTERDAY        0.00          0.22 1990   0.02  -0.02      T
  MONTH TO DATE    0.19                      0.59  -0.40     0.35
  SINCE OCT 1      4.28                      6.41  -2.13     2.67
  SINCE JAN 1      1.91                      3.46  -1.55     2.09

SNOWFALL (IN)
  YESTERDAY        0.0
  SNOW DEPTH       0

DEGREE DAYS
 HEATING
  YESTERDAY        5                        10     -5       12
  MONTH TO DATE  360                       334     26      293
  SINCE MAR 1    809                       912   -103      852
  SINCE JUL 1   4265                      4795   -530     5081

 COOLING
  YESTERDAY        0                         0      0        0
  MONTH TO DATE    0                         0      0        0
  SINCE MAR 1      0                         0      0        0
  SINCE JAN 1      0                         0      0        0
..................................................................


WIND (MPH)
  RESULTANT WIND SPEED   4   RESULTANT WIND DIRECTION   E (70)
  HIGHEST WIND SPEED    16   HIGHEST WIND DIRECTION     E (80)
  HIGHEST GUST SPEED    19   HIGHEST GUST DIRECTION     E (80)


SKY COVER
  POSSIBLE SUNSHINE  MM
  AVERAGE SKY COVER 0.2


WEATHER CONDITIONS
 THE FOLLOWING WEATHER WAS RECORDED YESTERDAY.
  NO SIGNIFICANT WEATHER WAS OBSERVED.


RELATIVE HUMIDITY (PERCENT)
 HIGHEST    76
 LOWEST     20
 AVERAGE    48

..........................................................


THE PASCO WA CLIMATE NORMALS FOR TODAY
                         NORMAL    RECORD    YEAR
 MAXIMUM TEMPERATURE (F)   71        83      2006
                                             1998
 MINIMUM TEMPERATURE (F)   40        30      1996


SUNRISE AND SUNSET
APRIL 28 2015.........SUNRISE   548 AM PDT   SUNSET   801 PM PDT
APRIL 29 2015.........SUNRISE   546 AM PDT   SUNSET   802 PM PDT


-  INDICATES NEGATIVE NUMBERS.
R  INDICATES RECORD WAS SET OR TIED.
MM INDICATES DATA IS MISSING.
T  INDICATES TRACE AMOUNT.




$$
