000
CDUS41 KALY 050628
CLIPSF


CLIMATE REPORT
NATIONAL WEATHER SERVICE ALBANY NY
228 AM EDT TUE MAY 5 2015


...................................

...THE PITTSFIELD MA CLIMATE SUMMARY FOR MAY 4 2015...

CLIMATE NORMAL PERIOD 1981 TO 2010
CLIMATE RECORD PERIOD 9999 TO 9999


WEATHER ITEM   OBSERVED TIME   NORMAL DEPARTURE LAST
                VALUE   (LST)  VALUE  FROM      YEAR
                                      NORMAL
......................................................
TEMPERATURE (F)
 YESTERDAY
  MAXIMUM         81    311 PM  63     18       52
  MINIMUM         43    520 AM  40      3       42
  AVERAGE         62            51     11       47

PRECIPITATION (IN)
  YESTERDAY        0.00          0.11  -0.11     0.18
  MONTH TO DATE    0.00          0.43  -0.43     0.62
  SINCE MAR 1      4.47          7.66  -3.19     7.19
  SINCE JAN 1      9.56         13.26  -3.70    13.57

DEGREE DAYS
 HEATING
  YESTERDAY        3            14    -11       18
  MONTH TO DATE   37            58    -21       52
  SINCE MAR 1   1866          1713    153     1916
  SINCE JUL 1   7529          7093    436     7468

 COOLING
  YESTERDAY        0             0      0        0
  MONTH TO DATE    0             0      0        0
  SINCE MAR 1      0             2     -2        1
  SINCE JAN 1      0             2     -2        1
......................................................


WIND (MPH)
  HIGHEST WIND SPEED    21   HIGHEST WIND DIRECTION    SW (230)
  HIGHEST GUST SPEED    29   HIGHEST GUST DIRECTION    SW (210)
  AVERAGE WIND SPEED     7.9


SKY COVER
  AVERAGE SKY COVER 0.3



RELATIVE HUMIDITY (PERCENT)
 HIGHEST    96
 LOWEST     20
 AVERAGE    58

..........................................................


THE PITTSFIELD MA CLIMATE NORMALS FOR TODAY
                         NORMAL
 MAXIMUM TEMPERATURE (F)   63
 MINIMUM TEMPERATURE (F)   40


SUNRISE AND SUNSET
MAY  5 2015...........SUNRISE   543 AM EDT   SUNSET   757 PM EDT
MAY  6 2015...........SUNRISE   542 AM EDT   SUNSET   758 PM EDT


-  INDICATES NEGATIVE NUMBERS.
R  INDICATES RECORD WAS SET OR TIED.
MM INDICATES DATA IS MISSING.
T  INDICATES TRACE AMOUNT.




$$
