000
CDUS46 KMFR 060847
CLIRBG


CLIMATE REPORT
NATIONAL WEATHER SERVICE MEDFORD, OR
147 AM PDT WED MAY 6 2015


...................................

...THE ROSEBURG OR CLIMATE SUMMARY FOR MAY 5 2015...

CLIMATE NORMAL PERIOD 1981 TO 2010
CLIMATE RECORD PERIOD 1931 TO 2015


WEATHER ITEM   OBSERVED TIME   RECORD YEAR NORMAL DEPARTURE LAST
                VALUE   (LST)  VALUE       VALUE  FROM      YEAR
                                                  NORMAL
..................................................................
TEMPERATURE (F)
 YESTERDAY
  MAXIMUM         68    444 PM  94    1992  68      0       60
  MINIMUM         49    628 AM  33    1978  45      4       46
  AVERAGE         59                        56      3       53

PRECIPITATION (IN)
  YESTERDAY        0.00          1.33 1963   0.08  -0.08     0.10
  MONTH TO DATE    0.00                      0.42  -0.42     0.20
  SINCE OCT 1     24.48                     31.43  -6.95    17.91
  SINCE JAN 1     10.20                     15.78  -5.58    14.21

SNOWFALL (IN)
  YESTERDAY       MM                        MM     MM       MM
  MONTH TO DATE   MM                        MM     MM       MM
  SINCE JUL 1      0.0                      MM     MM        0.0
  SNOW DEPTH      MM

DEGREE DAYS
 HEATING
  YESTERDAY        6                         9     -3       12
  MONTH TO DATE   23                        46    -23       26
  SINCE MAR 1    686                       941   -255      713
  SINCE JUL 1   2743                      3810  -1067     3640

 COOLING
  YESTERDAY        0                         0      0        0
  MONTH TO DATE    0                         0      0        7
  SINCE MAR 1      1                         1      0       13
  SINCE JAN 1      1                         1      0       13
..................................................................


WIND (MPH)
  RESULTANT WIND SPEED   4   RESULTANT WIND DIRECTION   N (350)
  HIGHEST WIND SPEED    16   HIGHEST WIND DIRECTION    NW (330)
  HIGHEST GUST SPEED    22   HIGHEST GUST DIRECTION    NW (330)
  AVERAGE WIND SPEED     5.7


SKY COVER
  POSSIBLE SUNSHINE  MM
  AVERAGE SKY COVER 0.8


WEATHER CONDITIONS
 THE FOLLOWING WEATHER WAS RECORDED YESTERDAY.
  NO SIGNIFICANT WEATHER WAS OBSERVED.


RELATIVE HUMIDITY (PERCENT)
 HIGHEST    80           600 AM
 LOWEST     32           300 PM
 AVERAGE    56

..........................................................


THE ROSEBURG OR CLIMATE NORMALS FOR TODAY
                         NORMAL    RECORD    YEAR
 MAXIMUM TEMPERATURE (F)   68        94      1987
 MINIMUM TEMPERATURE (F)   46        31      1965


SUNRISE AND SUNSET
MAY  6 2015...........SUNRISE   600 AM PDT   SUNSET   821 PM PDT
MAY  7 2015...........SUNRISE   559 AM PDT   SUNSET   822 PM PDT


-  INDICATES NEGATIVE NUMBERS.
R  INDICATES RECORD WAS SET OR TIED.
MM INDICATES DATA IS MISSING.
T  INDICATES TRACE AMOUNT.




$$
