000
CDUS41 KAKQ 011330
CLIRIC


CLIMATE REPORT
NATIONAL WEATHER SERVICE WAKEFIELD, VA
929 AM EDT WED APR 1 2015


...................................

...THE RICHMOND VA CLIMATE SUMMARY FOR MARCH 31 2015...

CLIMATE NORMAL PERIOD 1981 TO 2010
CLIMATE RECORD PERIOD 1871 TO 2015


WEATHER ITEM   OBSERVED TIME   RECORD YEAR NORMAL DEPARTURE LAST
                VALUE   (LST)  VALUE       VALUE  FROM      YEAR
                                                  NORMAL
..................................................................
TEMPERATURE (F)
 YESTERDAY
  MAXIMUM         74    358 PM  90    1938  65      9       69
  MINIMUM         36    506 AM  17    1964  42     -6       43
  AVERAGE         55                        53      2       56

PRECIPITATION (IN)
  YESTERDAY        T             1.15 1935   0.13  -0.13     0.00
  MONTH TO DATE    3.78                      4.04  -0.26     3.24
  SINCE MAR 1      3.78                      4.04  -0.26     3.24
  SINCE JAN 1     11.04                      9.84   1.20     9.55

SNOWFALL (IN)
  YESTERDAY        0.0           3.4  1907   0.0    0.0
  MONTH TO DATE    0.3                       0.6   -0.3
  SINCE NOV 1     12.8                      10.2    2.6
  SINCE JUL 1     12.8                      10.2    2.6
  SNOW DEPTH       0

DEGREE DAYS
 HEATING
  YESTERDAY       10                        12     -2        9
  MONTH TO DATE  535                       515     20      613
  SINCE MAR 1    535                       516     19      613
  SINCE JUL 1   3637                      3452    185     3566

 COOLING
  YESTERDAY        0                         0      0        0
  MONTH TO DATE    0                         6     -6        2
  SINCE MAR 1      0                         6     -6        2
  SINCE JAN 1      0                         6     -6        2
..................................................................


WIND (MPH)
  HIGHEST WIND SPEED    40   HIGHEST WIND DIRECTION     W (250)
  HIGHEST GUST SPEED    55   HIGHEST GUST DIRECTION    SW (240)
  AVERAGE WIND SPEED    13.3


SKY COVER
  POSSIBLE SUNSHINE  MM
  AVERAGE SKY COVER 0.4


WEATHER CONDITIONS
 THE FOLLOWING WEATHER WAS RECORDED YESTERDAY.
  LIGHT RAIN


RELATIVE HUMIDITY (PERCENT)
 HIGHEST    64           400 AM
 LOWEST     19           300 PM
 AVERAGE    42

..........................................................


THE RICHMOND VA CLIMATE NORMALS FOR TODAY
                         NORMAL    RECORD    YEAR
 MAXIMUM TEMPERATURE (F)   66        88      1978
 MINIMUM TEMPERATURE (F)   42        19      1923


SUNRISE AND SUNSET
APRIL  1 2015.........SUNRISE   655 AM EDT   SUNSET   732 PM EDT
APRIL  2 2015.........SUNRISE   654 AM EDT   SUNSET   733 PM EDT


-  INDICATES NEGATIVE NUMBERS.
R  INDICATES RECORD WAS SET OR TIED.
MM INDICATES DATA IS MISSING.
T  INDICATES TRACE AMOUNT.




$$
