000
CDUS45 KRIW 060735
CLIRIW


CLIMATE REPORT
NATIONAL WEATHER SERVICE RIVERTON WY
135 AM MDT WED MAY 6 2015


...................................

...THE RIVERTON WY CLIMATE SUMMARY FOR MAY 5 2015...

CLIMATE NORMAL PERIOD 1981 TO 2010
CLIMATE RECORD PERIOD 1995 TO 2015


WEATHER ITEM   OBSERVED TIME   RECORD YEAR NORMAL DEPARTURE LAST
                VALUE   (LST)  VALUE       VALUE  FROM      YEAR
                                                  NORMAL
..................................................................
TEMPERATURE (F)
 YESTERDAY
  MAXIMUM         72    417 PM  83    2000  64      8       74
  MINIMUM         43    527 AM  24    2010  37      6       39
  AVERAGE         58                        50      8       57

PRECIPITATION (IN)
  YESTERDAY        0.01          0.94 2007   0.06  -0.05     0.00
  MONTH TO DATE    0.01                      0.29  -0.28     0.00
  SINCE MAR 1      1.24                      2.14  -0.90     0.72
  SINCE JAN 1      2.31                      2.65  -0.34     1.62

SNOWFALL (IN)
  YESTERDAY        0.0                                       0.0
  MONTH TO DATE    0.0                                       0.0
  SINCE MAR 1     10.0                                       3.9
  SINCE JUL 1     38.6                                      53.1
  SNOW DEPTH       0

DEGREE DAYS
 HEATING
  YESTERDAY        7                        15     -8        8
  MONTH TO DATE   37                        77    -40       45
  SINCE MAR 1   1402                      1619   -217     1580
  SINCE JUL 1   6795                      7473   -678     7461

 COOLING
  YESTERDAY        0                         0      0        0
  MONTH TO DATE    0                         0      0        0
  SINCE MAR 1      0                         0      0        0
  SINCE JAN 1      0                         0      0        0
..................................................................


WIND (MPH)
  HIGHEST WIND SPEED    24   HIGHEST WIND DIRECTION    NW (300)
  HIGHEST GUST SPEED    32   HIGHEST GUST DIRECTION    NW (300)
  AVERAGE WIND SPEED     6.3


SKY COVER
  POSSIBLE SUNSHINE  MM
  AVERAGE SKY COVER 0.2


WEATHER CONDITIONS
 THE FOLLOWING WEATHER WAS RECORDED YESTERDAY.
  LIGHT RAIN


RELATIVE HUMIDITY (PERCENT)
 HIGHEST    76           400 AM
 LOWEST     23           600 PM
 AVERAGE    50

..........................................................


THE RIVERTON WY CLIMATE NORMALS FOR TODAY
                         NORMAL    RECORD    YEAR
 MAXIMUM TEMPERATURE (F)   64        82      2004
 MINIMUM TEMPERATURE (F)   37        26      1999


SUNRISE AND SUNSET
MAY  6 2015...........SUNRISE   601 AM MDT   SUNSET   820 PM MDT
MAY  7 2015...........SUNRISE   600 AM MDT   SUNSET   822 PM MDT


-  INDICATES NEGATIVE NUMBERS.
R  INDICATES RECORD WAS SET OR TIED.
MM INDICATES DATA IS MISSING.
T  INDICATES TRACE AMOUNT.




$$
