000
CDUS45 KRIW 270759
CLIRKS


CLIMATE REPORT
NATIONAL WEATHER SERVICE RIVERTON WY
155 AM MDT MON APR 27 2015


...................................

...THE ROCK SPRINGS WY CLIMATE SUMMARY FOR APRIL 26 2015...

CLIMATE NORMAL PERIOD 1981 TO 2010
CLIMATE RECORD PERIOD 1948 TO 2015


WEATHER ITEM   OBSERVED TIME   RECORD YEAR NORMAL DEPARTURE LAST
                VALUE   (LST)  VALUE       VALUE  FROM      YEAR
                                                  NORMAL
..................................................................
TEMPERATURE (F)
 YESTERDAY
  MAXIMUM         49   1048 AM  77    1977  57     -8       56
  MINIMUM         36   1159 PM  15    1984  32      4       32
  AVERAGE         43                        44     -1       44

PRECIPITATION (IN)
  YESTERDAY        0.26          0.41 1963   0.03   0.23     0.07
  MONTH TO DATE    0.65                      0.76  -0.11     0.24
  SINCE MAR 1      0.87                      1.44  -0.57     0.67
  SINCE JAN 1      0.96                      2.37  -1.41     0.82

DEGREE DAYS
 HEATING
  YESTERDAY       22                        21      1       21
  MONTH TO DATE  616                       624     -8      549
  SINCE MAR 1   1389                      1601   -212     1435
  SINCE JUL 1   6502                      7453   -951     6887

 COOLING
  YESTERDAY        0                         0      0        0
  MONTH TO DATE    0                         0      0        0
  SINCE MAR 1      0                         0      0        0
  SINCE JAN 1      0                         0      0        0
..................................................................


WIND (MPH)
  HIGHEST WIND SPEED    22   HIGHEST WIND DIRECTION    NE (60)
  HIGHEST GUST SPEED    26   HIGHEST GUST DIRECTION    NE (60)
  AVERAGE WIND SPEED    12.0


SKY COVER
  POSSIBLE SUNSHINE  MM
  AVERAGE SKY COVER 0.8


WEATHER CONDITIONS
 THE FOLLOWING WEATHER WAS RECORDED YESTERDAY.
  RAIN
  LIGHT RAIN
  FOG


RELATIVE HUMIDITY (PERCENT)
 HIGHEST   100           400 PM
 LOWEST     65           900 AM
 AVERAGE    83

..........................................................


THE ROCK SPRINGS WY CLIMATE NORMALS FOR TODAY
                         NORMAL    RECORD    YEAR
 MAXIMUM TEMPERATURE (F)   57        76      1992
 MINIMUM TEMPERATURE (F)   32        15      1984


SUNRISE AND SUNSET
APRIL 27 2015.........SUNRISE   619 AM MDT   SUNSET   810 PM MDT
APRIL 28 2015.........SUNRISE   617 AM MDT   SUNSET   811 PM MDT


-  INDICATES NEGATIVE NUMBERS.
R  INDICATES RECORD WAS SET OR TIED.
MM INDICATES DATA IS MISSING.
T  INDICATES TRACE AMOUNT.




$$
