000
CDUS42 KFFC 190818
CLIRMG


CLIMATE REPORT
NATIONAL WEATHER SERVICE PEACHTREE CITY GA
417 AM EDT SUN APR 19 2015


...................................

...THE ROME  CLIMATE SUMMARY FOR APRIL 18 2015...

CLIMATE NORMAL PERIOD 1981 TO 2010
CLIMATE RECORD PERIOD 9999 TO 9999


WEATHER ITEM   OBSERVED TIME   RECORD YEAR NORMAL DEPARTURE LAST
                VALUE   (LST)  VALUE       VALUE  FROM      YEAR
                                                  NORMAL
..................................................................
TEMPERATURE (F)
 YESTERDAY
  MAXIMUM         75    253 PM  MM      MM  73      2       59
  MINIMUM         60    745 AM  MM      MM  47     13       51
  AVERAGE         68                        60      8       55

PRECIPITATION (IN)
  YESTERDAY        T            MM      MM   0.12  -0.12     0.07
  MONTH TO DATE    2.95                      2.17   0.78     4.58
  SINCE MAR 1      6.47                      7.12  -0.65     9.26
  SINCE JAN 1     14.55                     16.81  -2.26    16.94

SNOWFALL (IN)
  YESTERDAY       MM            MM      MM  MM     MM       MM
  MONTH TO DATE    0.0                      MM     MM        0.0
  SINCE MAR 1      0.0                      MM     MM        0.0
  SINCE JUL 1      T                        MM     MM         T
  SNOW DEPTH      MM

DEGREE DAYS
 HEATING
  YESTERDAY        0                         6     -6       10
  MONTH TO DATE   50                       134    -84      122
  SINCE MAR 1    357                       539   -182      570
  SINCE JUL 1   3176                      3161     15     3397

 COOLING
  YESTERDAY        3                         1      2        0
  MONTH TO DATE   48                        14     34        5
  SINCE MAR 1     48                        18     30        5
  SINCE JAN 1     48                        18     30        5
..................................................................


WIND (MPH)
  RESULTANT WIND SPEED   2   RESULTANT WIND DIRECTION  NE (60)
  HIGHEST WIND SPEED    12   HIGHEST WIND DIRECTION     S (160)
  HIGHEST GUST SPEED    14   HIGHEST GUST DIRECTION     S (170)
  AVERAGE WIND SPEED     3.2


SKY COVER
  AVERAGE SKY COVER 0.8


WEATHER CONDITIONS
 THE FOLLOWING WEATHER WAS RECORDED YESTERDAY.
  LIGHT RAIN
  FOG
  FOG W/VISIBILITY <= 1/4 MILE


RELATIVE HUMIDITY (PERCENT)
 HIGHEST   100           400 AM
 LOWEST     68           200 PM
 AVERAGE    84

..........................................................


THE ROME  CLIMATE NORMALS FOR TODAY
                         NORMAL    RECORD    YEAR
 MAXIMUM TEMPERATURE (F)   73        MM        MM
 MINIMUM TEMPERATURE (F)   48        MM        MM


SUNRISE AND SUNSET
APRIL 19 2015.........SUNRISE   705 AM EDT   SUNSET   815 PM EDT
APRIL 20 2015.........SUNRISE   704 AM EDT   SUNSET   816 PM EDT


-  INDICATES NEGATIVE NUMBERS.
R  INDICATES RECORD WAS SET OR TIED.
MM INDICATES DATA IS MISSING.
T  INDICATES TRACE AMOUNT.




$$
