000
CDUS41 KRNK 040523
CLIRNK


CLIMATE REPORT
NATIONAL WEATHER SERVICE BLACKSBURG VA
120 AM EDT MON MAY 4 2015


...................................

...THE BLACKSBURG VA CLIMATE SUMMARY FOR MAY 3 2015...

CLIMATE NORMAL PERIOD 1981 TO 2010
CLIMATE RECORD PERIOD 1952 TO 2015


WEATHER ITEM   OBSERVED TIME   RECORD YEAR NORMAL DEPARTURE LAST
                VALUE   (LST)  VALUE       VALUE  FROM      YEAR
                                                  NORMAL
..................................................................
TEMPERATURE (F)
 YESTERDAY
  MAXIMUM         74        MM  87    2012  68      6       69
  MINIMUM         36        MM  26    1981  43     -7       41
  AVERAGE         55                        56     -1       55

PRECIPITATION (IN)
  YESTERDAY        0.00          2.08 2002   0.13  -0.13     0.00
  MONTH TO DATE    0.91                      0.37   0.54     0.00
  SINCE MAR 1     10.78                      7.49   3.29     6.52
  SINCE JAN 1     14.20                     13.38   0.82    12.15

SNOWFALL (IN)
  YESTERDAY        0.0
  MONTH TO DATE    0.0
  SINCE MAR 1      4.4
  SINCE JUL 1     27.8
  SNOW DEPTH       0

DEGREE DAYS
 HEATING
  YESTERDAY       10                         9      1       10
  MONTH TO DATE   35                        29      6       27
  SINCE MAR 1   1040                      1186   -146     1179
  SINCE JUL 1   5166                      5234    -68     5360

 COOLING
  YESTERDAY        0                         0      0        0
  MONTH TO DATE    0                         0      0        0
  SINCE MAR 1      0                         3     -3        0
  SINCE JAN 1      0                         3     -3        0
..................................................................


WIND (MPH)
  HIGHEST WIND SPEED     6   HIGHEST WIND DIRECTION    NW (320)
  HIGHEST GUST SPEED    MM   HIGHEST GUST DIRECTION    MM
  AVERAGE WIND SPEED     1.1


SKY COVER
  POSSIBLE SUNSHINE  MM
  AVERAGE SKY COVER 0.0


WEATHER CONDITIONS
 THE FOLLOWING WEATHER WAS RECORDED YESTERDAY.
  FOG


RELATIVE HUMIDITY (PERCENT)
 HIGHEST   100           500 AM
 LOWEST     28           500 PM
 AVERAGE    64

..........................................................


THE BLACKSBURG VA CLIMATE NORMALS FOR TODAY
                         NORMAL    RECORD    YEAR
 MAXIMUM TEMPERATURE (F)   69        85      1959
 MINIMUM TEMPERATURE (F)   43        28      1986


SUNRISE AND SUNSET
MAY  4 2015...........SUNRISE   624 AM EDT   SUNSET   814 PM EDT
MAY  5 2015...........SUNRISE   623 AM EDT   SUNSET   814 PM EDT


-  INDICATES NEGATIVE NUMBERS.
R  INDICATES RECORD WAS SET OR TIED.
MM INDICATES DATA IS MISSING.
T  INDICATES TRACE AMOUNT.

$$
