000
CDUS45 KABQ 050836
CLIROW


CLIMATE REPORT
NATIONAL WEATHER SERVICE ALBUQUERQUE NM
234 AM MDT TUE MAY 5 2015


...................................

...THE ROSWELL NM CLIMATE SUMMARY FOR MAY 4 2015...

CLIMATE NORMAL PERIOD 1981 TO 2010
CLIMATE RECORD PERIOD 1893 TO 2015


WEATHER ITEM   OBSERVED TIME   RECORD YEAR NORMAL DEPARTURE
                VALUE   (LST)  VALUE       VALUE  FROM
                                                  NORMAL
...............................................................
TEMPERATURE (F)
 YESTERDAY
  MAXIMUM         79    116 PM 101    1947  82     -3
  MINIMUM         54    451 AM  31    1913  51      3
  AVERAGE         67                        66      1

PRECIPITATION (IN)
  YESTERDAY        0.86R         0.77 1976   0.04   0.82
  MONTH TO DATE    0.86                      0.13   0.73
  SINCE MAR 1      2.89                      1.25   1.64
  SINCE JAN 1      4.80                      2.05   2.75

SNOWFALL (IN)
  YESTERDAY        0.0
  MONTH TO DATE    0.0
  SINCE MAR 1      T
  SINCE JUL 1     16.2

DEGREE DAYS
 HEATING
  YESTERDAY        0                         2     -2
  MONTH TO DATE    0                         8     -8
  SINCE MAR 1    490                       559    -69
  SINCE JUL 1   3207                      3266    -59

 COOLING
  YESTERDAY        2                         3     -1
  MONTH TO DATE   13                        12      1
  SINCE MAR 1     29                        52    -23
  SINCE JAN 1     29                        52    -23
...............................................................


WIND (MPH)
  HIGHEST WIND SPEED    23   HIGHEST WIND DIRECTION    SW (240)
  HIGHEST GUST SPEED    29   HIGHEST GUST DIRECTION    SW (240)
  AVERAGE WIND SPEED     8.1


SKY COVER
  AVERAGE SKY COVER 0.4


WEATHER CONDITIONS
 THE FOLLOWING WEATHER WAS RECORDED YESTERDAY.
  THUNDERSTORM
  HEAVY RAIN
  RAIN
  LIGHT RAIN
  FOG


RELATIVE HUMIDITY (PERCENT)
 HIGHEST    93           900 PM
 LOWEST     35           100 PM
 AVERAGE    64

..........................................................


THE ROSWELL NM CLIMATE NORMALS FOR TODAY
                         NORMAL    RECORD    YEAR
 MAXIMUM TEMPERATURE (F)   82       101      2000
 MINIMUM TEMPERATURE (F)   51        31      1913


SUNRISE AND SUNSET
MAY  5 2015...........SUNRISE   607 AM MDT   SUNSET   744 PM MDT
MAY  6 2015...........SUNRISE   606 AM MDT   SUNSET   744 PM MDT


-  INDICATES NEGATIVE NUMBERS.
R  INDICATES RECORD WAS SET OR TIED.
MM INDICATES DATA IS MISSING.
T  INDICATES TRACE AMOUNT.




$$
