000
CDUS46 KSGX 180016
CLISAN


CLIMATE REPORT
NATIONAL WEATHER SERVICE SAN DIEGO, CA
516 PM PDT FRI APR 17 2015


...................................

...THE SAN DIEGO/LINDBERGH FIELD CA CLIMATE SUMMARY FOR APRIL 17 2015...
VALID TODAY AS OF 0500 PM LOCAL TIME.

CLIMATE NORMAL PERIOD 1981 TO 2010
CLIMATE RECORD PERIOD 1874 TO 2015


WEATHER ITEM   OBSERVED TIME   RECORD YEAR NORMAL DEPARTURE LAST
                VALUE   (LST)  VALUE       VALUE  FROM      YEAR
                                                  NORMAL
..................................................................
TEMPERATURE (F)
 TODAY
  MAXIMUM         76   1056 AM  82    1879  68      8       65
  MINIMUM         58    509 AM  46    1967  56      2       60
                                      1921
                                      1894
  AVERAGE         67                        62      5       63

PRECIPITATION (IN)
  TODAY            0.00          0.61 1903   0.03  -0.03     0.00
  MONTH TO DATE    0.00                      0.54  -0.54     0.36
  SINCE OCT 1      6.50                      9.71  -3.21     4.84
  SINCE JAN 1      1.63                      6.60  -4.97     2.65

SNOWFALL (IN)
  TODAY            0.0
  MONTH TO DATE    0.0
  SINCE MAR 1      0.0
  SINCE JUL 1      0.0
  SNOW DEPTH       0

DEGREE DAYS
 HEATING
  TODAY            0                         4     -4        2
  MONTH TO DATE   14                        73    -59       31
  SINCE MAR 1     50                       251   -201       71
  SINCE JUL 1    396                      1109   -713      527

 COOLING
  TODAY            2                         0      2        0
  MONTH TO DATE   27                         0     27       26
  SINCE MAR 1    120                         5    115       46
  SINCE JAN 1    142                        10    132       55
..................................................................


WIND (MPH)
  RESULTANT WIND SPEED   6   RESULTANT WIND DIRECTION  NW (310)
  HIGHEST WIND SPEED    18   HIGHEST WIND DIRECTION    NW (330)
  HIGHEST GUST SPEED    25   HIGHEST GUST DIRECTION    NW (330)
  AVERAGE WIND SPEED     6.2


SKY COVER
  POSSIBLE SUNSHINE  MM
  AVERAGE SKY COVER 0.0


WEATHER CONDITIONS
 THE FOLLOWING WEATHER WAS RECORDED TODAY.
  NO SIGNIFICANT WEATHER WAS OBSERVED.


RELATIVE HUMIDITY (PERCENT)
 HIGHEST    48          1200 AM
 LOWEST     14           900 AM
 AVERAGE    31

..........................................................


THE SAN DIEGO/LINDBERGH FIELD CA CLIMATE NORMALS FOR TOMORROW
                         NORMAL    RECORD    YEAR
 MAXIMUM TEMPERATURE (F)   68        83      1914
 MINIMUM TEMPERATURE (F)   56        44      1896
                                             1878


SUNRISE AND SUNSET
APRIL 17 2015.........SUNRISE   617 AM PDT   SUNSET   720 PM PDT
APRIL 18 2015.........SUNRISE   616 AM PDT   SUNSET   721 PM PDT


-  INDICATES NEGATIVE NUMBERS.
R  INDICATES RECORD WAS SET OR TIED.
MM INDICATES DATA IS MISSING.
T  INDICATES TRACE AMOUNT.




$$
