000
CDUS46 KSTO 050835
CLISCK


CLIMATE REPORT
NATIONAL WEATHER SERVICE SACRAMENTO, CA
135 AM PDT TUE MAY 5 2015


...................................

...THE STOCKTON AIRPORT CA CLIMATE SUMMARY FOR MAY 4 2015...

CLIMATE NORMAL PERIOD 1981 TO 2010
CLIMATE RECORD PERIOD 1948 TO 2015


WEATHER ITEM   OBSERVED TIME   RECORD YEAR NORMAL DEPARTURE LAST
                VALUE   (LST)  VALUE       VALUE  FROM      YEAR
                                                  NORMAL
..................................................................
TEMPERATURE (F)
 YESTERDAY
  MAXIMUM         78    344 PM  98    1990  78      0       76
  MINIMUM         49    530 AM  38    1964  49      0       52
  AVERAGE         64

PRECIPITATION (IN)
  YESTERDAY        0.00          0.15 1998   0.03  -0.03     0.00
  MONTH TO DATE    0.00                      0.10  -0.10     0.00
  SINCE OCT 1     10.60                     13.25  -2.65     7.22
  SINCE JAN 1      2.76                      8.52  -5.76     5.79

SNOWFALL (IN)
  YESTERDAY        0.0          MM      MM
  MONTH TO DATE    0.0
  SINCE MAR 1      0.0
  SINCE JUL 1      0.0
  SNOW DEPTH       0

DEGREE DAYS
 HEATING
  YESTERDAY        1                         3     -2        1
  MONTH TO DATE    1                        13    -12        1
  SINCE MAR 1    233                       527   -294      315
  SINCE JUL 1   1672                      2589   -917     2148

 COOLING
  YESTERDAY        0                         2     -2        0
  MONTH TO DATE   16                         8      8       17
  SINCE MAR 1     65                        25     40       46
  SINCE JAN 1     65                        25     40       46
..................................................................


WIND (MPH)
  RESULTANT WIND SPEED   6   RESULTANT WIND DIRECTION  NW (300)
  HIGHEST WIND SPEED    21   HIGHEST WIND DIRECTION     W (260)
  HIGHEST GUST SPEED    31   HIGHEST GUST DIRECTION    SW (220)


SKY COVER
  POSSIBLE SUNSHINE  MM
  AVERAGE SKY COVER 0.0


WEATHER CONDITIONS
 THE FOLLOWING WEATHER WAS RECORDED YESTERDAY.
  HAZE


RELATIVE HUMIDITY (PERCENT)
 HIGHEST    93           500 AM
 LOWEST     36           400 PM
 AVERAGE    65

..........................................................


THE STOCKTON AIRPORT CA CLIMATE NORMALS FOR TODAY
                         NORMAL    RECORD    YEAR
 MAXIMUM TEMPERATURE (F)   78        97      1987
 MINIMUM TEMPERATURE (F)   50        40      1965


SUNRISE AND SUNSET
MAY  5 2015...........SUNRISE   605 AM PDT   SUNSET   759 PM PDT
MAY  6 2015...........SUNRISE   604 AM PDT   SUNSET   800 PM PDT


-  INDICATES NEGATIVE NUMBERS.
R  INDICATES RECORD WAS SET OR TIED.
MM INDICATES DATA IS MISSING.
T  INDICATES TRACE AMOUNT.




$$
