000
CDUS46 KLOX 050912
CLISDB


CLIMATE REPORT
NATIONAL WEATHER SERVICE LOS ANGELES/OXNARD CA
212 AM PDT TUE MAY 5 2015


...................................

...THE SANDBERG CA CLIMATE SUMMARY FOR MAY 4 2015...

CLIMATE NORMAL PERIOD 1981 TO 2010
CLIMATE RECORD PERIOD 1934 TO 2015


WEATHER ITEM   OBSERVED TIME   RECORD YEAR NORMAL DEPARTURE LAST
                VALUE   (LST)  VALUE       VALUE  FROM      YEAR
                                                  NORMAL
..................................................................
TEMPERATURE (F)
 YESTERDAY
  MAXIMUM         69   1211 PM  86    1947  64      5       79
                                      1989
  MINIMUM         47   1159 PM  26    1975  46      1       53
  AVERAGE         58                        55      3       66

PRECIPITATION (IN)
  YESTERDAY        0.00          0.33 1967   0.03  -0.03     0.00
  MONTH TO DATE    0.00                      0.10  -0.10     0.00
  SINCE OCT 1      7.02                     11.74  -4.72     4.28
  SINCE JAN 1      2.12                      8.11  -5.99     3.58

DEGREE DAYS
 HEATING
  YESTERDAY        7                        11     -4        0
  MONTH TO DATE    7                        44    -37        0
  SINCE MAR 1    513                      1060   -547      608
  SINCE JUL 1   2144                      3819  -1675     2393

 COOLING
  YESTERDAY        0                         1     -1        1
  MONTH TO DATE    8                         2      6       18
  SINCE MAR 1     63                        10     53       42
  SINCE JAN 1     66                        10     56       49
..................................................................


WIND (MPH)
  HIGHEST WIND SPEED    20   HIGHEST WIND DIRECTION     S (180)
  HIGHEST GUST SPEED    31   HIGHEST GUST DIRECTION    SE (150)
  AVERAGE WIND SPEED     8.8


SKY COVER
  POSSIBLE SUNSHINE  MM
  AVERAGE SKY COVER 0.0


WEATHER CONDITIONS
 THE FOLLOWING WEATHER WAS RECORDED YESTERDAY.
  NO SIGNIFICANT WEATHER WAS OBSERVED.


RELATIVE HUMIDITY (PERCENT)
 HIGHEST    68           900 PM
 LOWEST     30           800 AM
 AVERAGE    49

..........................................................


THE SANDBERG CA CLIMATE NORMALS FOR TODAY
                         NORMAL    RECORD    YEAR
 MAXIMUM TEMPERATURE (F)   64        86      1989
 MINIMUM TEMPERATURE (F)   46        27      1964


SUNRISE AND SUNSET
MAY  5 2015...........SUNRISE   601 AM PDT   SUNSET   743 PM PDT
MAY  6 2015...........SUNRISE   600 AM PDT   SUNSET   744 PM PDT


-  INDICATES NEGATIVE NUMBERS.
R  INDICATES RECORD WAS SET OR TIED.
MM INDICATES DATA IS MISSING.
T  INDICATES TRACE AMOUNT.




$$
