000
CDUS46 KMTR 050026
CLISJC


CLIMATE REPORT
NATIONAL WEATHER SERVICE SAN FRANCISCO BAY AREA
526 PM PDT MON MAY 4 2015


...................................

...THE SAN JOSE CA CLIMATE SUMMARY FOR MAY 4 2015...
VALID TODAY AS OF 0500 PM LOCAL TIME.

CLIMATE NORMAL PERIOD 1981 TO 2010
CLIMATE RECORD PERIOD 1893 TO 2015


WEATHER ITEM   OBSERVED TIME   RECORD YEAR NORMAL DEPARTURE LAST
                VALUE   (LST)  VALUE       VALUE  FROM      YEAR
                                                  NORMAL
..................................................................
TEMPERATURE (F)
 TODAY
  MAXIMUM         65    316 PM  94    1990  74     -9       71
  MINIMUM         54    758 AM  36    1902  51      3       52
  AVERAGE         60                        62     -2       62

PRECIPITATION (IN)
  TODAY            0.00          0.51 2005   0.03  -0.03     0.00
  MONTH TO DATE    0.00                      0.10  -0.10     0.00
  SINCE OCT 1     12.76                     14.29  -1.53     5.68
  SINCE JAN 1      2.81                      9.51  -6.70     4.78

SNOWFALL (IN)
  TODAY            0.0           0.0  1947
  MONTH TO DATE    0.0
  SINCE MAR 1      0.0
  SINCE JUL 1      0.0

DEGREE DAYS
 HEATING
  TODAY            5                         4      1        3
  MONTH TO DATE   11                        16     -5        6
  SINCE MAR 1    312                       457   -145      312
  SINCE JUL 1   1532                      1920   -388     1853

 COOLING
  TODAY            0                         1     -1        0
  MONTH TO DATE    6                         4      2       14
  SINCE MAR 1     27                        23      4       42
  SINCE JAN 1     27                        23      4       42
..................................................................


WIND (MPH)
  RESULTANT WIND SPEED   3   RESULTANT WIND DIRECTION   W (290)
  HIGHEST WIND SPEED    18   HIGHEST WIND DIRECTION    NW (310)
  HIGHEST GUST SPEED    25   HIGHEST GUST DIRECTION    NW (300)
  AVERAGE WIND SPEED     6.4


SKY COVER
  POSSIBLE SUNSHINE  MM
  AVERAGE SKY COVER 0.7


WEATHER CONDITIONS
 THE FOLLOWING WEATHER WAS RECORDED TODAY.
  NO SIGNIFICANT WEATHER WAS OBSERVED.


RELATIVE HUMIDITY (PERCENT)
 HIGHEST    77           600 AM
 LOWEST     55          1100 AM
 AVERAGE    66

..........................................................


THE SAN JOSE CA CLIMATE NORMALS FOR TOMORROW
                         NORMAL    RECORD    YEAR
 MAXIMUM TEMPERATURE (F)   74        98      1987
 MINIMUM TEMPERATURE (F)   51        39      1975


SUNRISE AND SUNSET
MAY  4 2015...........SUNRISE   610 AM PDT   SUNSET   800 PM PDT
MAY  5 2015...........SUNRISE   608 AM PDT   SUNSET   801 PM PDT


-  INDICATES NEGATIVE NUMBERS.
R  INDICATES RECORD WAS SET OR TIED.
MM INDICATES DATA IS MISSING.
T  INDICATES TRACE AMOUNT.




$$
