000
CDCA42 TJSJ 272202
CLISJU


CLIMATE REPORT
NATIONAL WEATHER SERVICE SAN JUAN, PR
601 PM AST MON APR 27 2015


...................................

...THE SAN JUAN AREA/PR CLIMATE SUMMARY FOR APRIL 27 2015...
VALID TODAY AS OF 0600 PM LOCAL TIME.

CLIMATE NORMAL PERIOD 1981 TO 2010
CLIMATE RECORD PERIOD 1898 TO 2015


WEATHER ITEM   OBSERVED TIME   RECORD YEAR NORMAL DEPARTURE LAST
                VALUE   (LST)  VALUE       VALUE  FROM      YEAR
                                                  NORMAL
..................................................................
TEMPERATURE (F)
 TODAY
  MAXIMUM         94R   338 PM  93    2010  87      7       90
                                      1992
  MINIMUM         78    530 AM  66    1957  75      3       77
  AVERAGE         86                        81      5       84

PRECIPITATION (IN)
  TODAY            0.00          1.33 2008   0.20  -0.20     0.00
  MONTH TO DATE    1.38                      4.07  -2.69     3.06
  SINCE MAR 1      2.88                      6.02  -3.14     3.57
  SINCE JAN 1     11.11                     12.17  -1.06     9.61

SNOWFALL (IN)
  TODAY            0.0                       0.0    0.0      0.0
  MONTH TO DATE    0.0                       0.0    0.0      0.0
  SINCE MAR 1      0.0                       0.0    0.0      0.0
  SINCE JUL 1      0.0                       0.0    0.0      0.0

DEGREE DAYS
 HEATING
  TODAY            0                         0      0        0
  MONTH TO DATE    0                         0      0        0
  SINCE MAR 1      0                         0      0        0
  SINCE JUL 1      0                         0      0        0

 COOLING
  TODAY           21                        16      5       19
  MONTH TO DATE  436                       413     23      470
  SINCE MAR 1    868                       844     24      948
  SINCE JAN 1   1708                      1595    113     1836
..................................................................


WIND (MPH)
  HIGHEST WIND SPEED    16   HIGHEST WIND DIRECTION     S (170)
  HIGHEST GUST SPEED    25   HIGHEST GUST DIRECTION    SE (130)
  AVERAGE WIND SPEED    MM


SKY COVER
  AVERAGE SKY COVER  MM


WEATHER CONDITIONS
 THE FOLLOWING WEATHER WAS RECORDED TODAY.
  NO SIGNIFICANT WEATHER WAS OBSERVED.


RELATIVE HUMIDITY (PERCENT)
 HIGHEST    MM
 LOWEST     MM
 AVERAGE    MM

..........................................................


THE SAN JUAN AREA/PR CLIMATE NORMALS FOR TOMORROW
                         NORMAL    RECORD    YEAR
 MAXIMUM TEMPERATURE (F)   87        94      2010
                                             1978
 MINIMUM TEMPERATURE (F)   75        67      1957


SUNRISE AND SUNSET
APRIL 27 2015.........SUNRISE   559 AM AST   SUNSET   644 PM AST
APRIL 28 2015.........SUNRISE   559 AM AST   SUNSET   645 PM AST


-  INDICATES NEGATIVE NUMBERS.
R  INDICATES RECORD WAS SET OR TIED.
MM INDICATES DATA IS MISSING.
T  INDICATES TRACE AMOUNT.




$$
