000
CDUS41 KBTV 060535
CLISLK

CLIMATE REPORT
NATIONAL WEATHER SERVICE BURLINGTON VT
133 AM EDT WED MAY 6 2015

...................................

...THE SARANAC LAKE NY CLIMATE SUMMARY FOR MAY 5 2015...

CLIMATE NORMAL PERIOD 1981 TO 2010
CLIMATE RECORD PERIOD 9999 TO 9999


WEATHER ITEM   OBSERVED TIME   NORMAL DEPARTURE LAST
                VALUE   (LST)  VALUE  FROM      YEAR
                                      NORMAL
......................................................
TEMPERATURE (F)
 YESTERDAY
  MAXIMUM         65    228 PM  60      5       43
  MINIMUM         32   1159 PM  33     -1       32
  AVERAGE         49            46      3       38

PRECIPITATION (IN)
  YESTERDAY        0.00          0.10  -0.10     0.02
  MONTH TO DATE    0.03          0.48  -0.45     1.14
  SINCE MAR 1      3.36          5.65  -2.29     6.83
  SINCE JAN 1      4.23          9.39  -5.16     9.45

DEGREE DAYS
 HEATING
  YESTERDAY       16            19     -3       27
  MONTH TO DATE   75            98    -23      110
  SINCE MAR 1   2296          2164    132     2469
  SINCE JUL 1   9079          8869    210     9453

 COOLING
  YESTERDAY        0             0      0        0
  MONTH TO DATE    0             0      0        0
  SINCE MAR 1      0             0      0        0
  SINCE JAN 1      0             0      0        0
......................................................


WIND (MPH)
  HIGHEST WIND SPEED    13   HIGHEST WIND DIRECTION     W (250)
  HIGHEST GUST SPEED    18   HIGHEST GUST DIRECTION     W (270)
  AVERAGE WIND SPEED     3.6


SKY COVER
  AVERAGE SKY COVER 0.3


WEATHER CONDITIONS
 THE FOLLOWING WEATHER WAS RECORDED YESTERDAY.
  NO SIGNIFICANT WEATHER WAS OBSERVED.


RELATIVE HUMIDITY (PERCENT)
 HIGHEST    96           300 AM
 LOWEST     21           100 PM
 AVERAGE    59

..........................................................


THE SARANAC LAKE NY CLIMATE NORMALS FOR TODAY
                         NORMAL    RECORD    YEAR
 MAXIMUM TEMPERATURE (F)   60        78      2013
 MINIMUM TEMPERATURE (F)   33        21      2001


SUNRISE AND SUNSET
MAY  6 2015...........SUNRISE   541 AM EDT   SUNSET   807 PM EDT
MAY  7 2015...........SUNRISE   540 AM EDT   SUNSET   808 PM EDT


-  INDICATES NEGATIVE NUMBERS.
R  INDICATES RECORD WAS SET OR TIED.
MM INDICATES DATA IS MISSING.
T  INDICATES TRACE AMOUNT.

$$
