000
CDUS46 KLOX 180903
CLISMX


CLIMATE REPORT
NATIONAL WEATHER SERVICE LOS ANGELES/OXNARD CA
203 AM PDT SAT APR 18 2015


...................................

...THE SANTA MARIA AIRPORT CA CLIMATE SUMMARY FOR APRIL 17 2015...

CLIMATE NORMAL PERIOD 1981 TO 2010
CLIMATE RECORD PERIOD 1906 TO 2015


WEATHER ITEM   OBSERVED TIME   RECORD YEAR NORMAL DEPARTURE LAST
                VALUE   (LST)  VALUE       VALUE  FROM      YEAR
                                                  NORMAL
..................................................................
TEMPERATURE (F)
 YESTERDAY
  MAXIMUM         82   1157 AM  89    1938  67     15       64
  MINIMUM         45    346 AM  33    1976  44      1       51
  AVERAGE         64                        56      8       58

PRECIPITATION (IN)
  YESTERDAY        0.00          2.14 2000   0.03  -0.03     0.00
  MONTH TO DATE    0.60                      0.67  -0.07     0.72
  SINCE OCT 1      7.30                     13.10  -5.80     4.37
  SINCE JAN 1      1.74                      9.05  -7.31     3.88

SNOWFALL (IN)
  YESTERDAY        0.0
  MONTH TO DATE    0.0
  SINCE MAR 1      0.0
  SINCE JUL 1      0.0

DEGREE DAYS
 HEATING
  YESTERDAY        1                         9     -8
  MONTH TO DATE  107                       169    -62
  SINCE MAR 1    240                       509   -269
  SINCE JUL 1    927                      2342  -1415

 COOLING
  YESTERDAY        0                         0      0
  MONTH TO DATE    0                         0      0
  SINCE MAR 1     27                         1     26
  SINCE JAN 1     27                         2     25
..................................................................


WIND (MPH)
  HIGHEST WIND SPEED    21   HIGHEST WIND DIRECTION    NW (320)
  HIGHEST GUST SPEED    23   HIGHEST GUST DIRECTION    NW (330)
  AVERAGE WIND SPEED     6.4


SKY COVER
  POSSIBLE SUNSHINE  MM
  AVERAGE SKY COVER 0.0


WEATHER CONDITIONS
 THE FOLLOWING WEATHER WAS RECORDED YESTERDAY.
  HAZE


RELATIVE HUMIDITY (PERCENT)
 HIGHEST    77           800 PM
 LOWEST     12          1000 AM
 AVERAGE    45

..........................................................


THE SANTA MARIA AIRPORT CA CLIMATE NORMALS FOR TODAY
                         NORMAL    RECORD    YEAR
 MAXIMUM TEMPERATURE (F)   67        92      1938
 MINIMUM TEMPERATURE (F)   44        31      1979


SUNRISE AND SUNSET
APRIL 18 2015.........SUNRISE   626 AM PDT   SUNSET   736 PM PDT
APRIL 19 2015.........SUNRISE   625 AM PDT   SUNSET   737 PM PDT


-  INDICATES NEGATIVE NUMBERS.
R  INDICATES RECORD WAS SET OR TIED.
MM INDICATES DATA IS MISSING.
T  INDICATES TRACE AMOUNT.




$$
