000
CDAK48 PASN 272341
CLISNP

CLIMATE REPORT
NATIONAL WEATHER SERVICE ST PAUL, AK
341 PM AKDT MON APR 27 2015

...................................
...THE ST PAUL AIRPORT CLIMATE SUMMARY FOR APRIL 27 2015...
VALID TODAY AS OF 2:00 PM LOCAL TIME

CLIMATE NORMAL PERIOD  1981 TO  2010
CLIMATE RECORD PERIOD  1892 TO  2015

WEATHER ITEM   OBSERVED TIME    RECORD YEAR NORMAL DEPARTURE LAST
               VALUE    (LST)   VALUE       VALUE  FROM      YEAR
                                                   NORMAL
...................................................................
TEMPERATURE
TODAY
 MAXIMUM            37  0159 PM    43  2004     36       1     37
 MINIMUM            35  0600 AM    -2  1976     28       7     30
 AVERAGE            36                          32       4     34

PRECIPITATION
(INCHES)
 TODAY            0.01           0.26  1983   0.03   -0.02   0.00
 MONTH TO DATE    1.17                        0.97    0.20   0.85
 SINCE MAR 1      1.85                        2.04   -0.19   2.05
 SINCE JAN 1      4.17                        4.92   -0.75   6.38

SNOWFALL
(INCHES)
 TODAY             0.0            1.2  1982    0.2    -0.2    0.0
 MONTH TO DATE     9.0                         5.4     3.6    1.0
 SINCE MAR 1      18.4                        13.4     5.0    9.4
 SINCE JUL 1      48.1                        58.4   -10.3   43.7
 SNOW DEPTH (IN)     0                                          T

DEGREE DAYS
 HEATING
  TODAY             29                          33      -4     31
  MONTH TO DATE    968                         974      -6    846
  SINCE MAR 1     2143                        2211     -68   2092
  SINCE JUL 1     8100                        9130   -1030   8538

 COOLING
  TODAY              0                           0       0      0
  MONTH TO DATE      0                           0       0      0
  SINCE MAR 1        0                           0       0      0
  SINCE JAN 1        0                           0       0      0
...................................................................

WIND (MPH)
 HIGHEST WIND SPEED    20     HIGHEST WIND DIRECTION    110
 HIGHEST GUST SPEED    25     HIGHEST GUST DIRECTION    110
 AVERAGE WIND SPEED    MM

SKY COVER
  POSSIBLE SUNSHINE  MM            AVERAGE SKY COVER MM

WEATHER CONDITIONS
 THE FOLLOWING WEATHER WAS RECORDED TODAY.
FOG
RAIN


RELATIVE HUMIDITY
 HIGHEST RH     MM PERCENT       MM
 LOWEST  RH     MM PERCENT       MM
 AVERAGE RH     MM PERCENT       MM
...................................................................

THE ST PAUL CLIMATE NORMALS FOR TOMORROW
                        NORMAL    RECORD   YEAR
 MAXIMUM TEMPERATURE      36        49     1993
 MINIMUM TEMPERATURE      29        14     1982

SUNRISE AND SUNSET
 APR 27 2015..........SUNRISE  7:42 AM      SUNSET 10:57 PM
 APR 28 2015..........SUNRISE  7:40 AM      SUNSET 10:59 PM

-  INDICATES NEGATIVE NUMBERS.
R  INDICATES RECORD HAS BEEN SET OR TIED.
MM INDICATES DATA IS MISSING.
T  INDICATES TRACE OF PRECIPITATION.

&&
-------------------------------------------------------------------

AMOUNT OF DAYLIGHT TODAY  (HOUR:MIN)........15 HOURS 15 MINUTES
GAIN/LOSS SINCE YESTERDAY (HOUR:MIN:SEC)....+0:04:36

$$
WIW APR 15
