000
CDUS46 KMTR 260828
CLISNS


CLIMATE REPORT
NATIONAL WEATHER SERVICE SAN FRANCISCO BAY AREA
128 AM PDT SUN APR 26 2015


...................................

...THE SALINAS AIRPORT CLIMATE SUMMARY FOR APRIL 25 2015...

CLIMATE NORMAL PERIOD 1981 TO 2010
CLIMATE RECORD PERIOD 1930 TO 2015


WEATHER ITEM   OBSERVED TIME   RECORD YEAR NORMAL DEPARTURE LAST
                VALUE   (LST)  VALUE       VALUE  FROM      YEAR
                                                  NORMAL
..................................................................
TEMPERATURE (F)
 YESTERDAY
  MAXIMUM         63    202 PM  91    2004  68     -5       62
  MINIMUM         53   1159 PM  34    1944  47      6       50
  AVERAGE         58                        58      0       56

PRECIPITATION (IN)
  YESTERDAY        0.28          0.53 1978   0.02   0.26     0.19
  MONTH TO DATE    0.64                      0.83  -0.19     0.56
  SINCE OCT 1      9.46                     12.09  -2.63     5.74
  SINCE JAN 1      1.47                      8.18  -6.71     4.91

DEGREE DAYS
 HEATING
  YESTERDAY        7                         8     -1        9
  MONTH TO DATE  153                       218    -65      159
  SINCE MAR 1    266                       538   -272      357
  SINCE JUL 1   1115                      2352  -1237     1789

 COOLING
  YESTERDAY        0                         0      0        0
  MONTH TO DATE    1                         0      1        3
  SINCE MAR 1     18                         1     17        4
  SINCE JAN 1     26                         1     25        6
..................................................................


WIND (MPH)
  RESULTANT WIND SPEED  12   RESULTANT WIND DIRECTION  SW (240)
  HIGHEST WIND SPEED    22   HIGHEST WIND DIRECTION     W (250)
  HIGHEST GUST SPEED    28   HIGHEST GUST DIRECTION    SW (240)
  AVERAGE WIND SPEED    13.4


SKY COVER
  POSSIBLE SUNSHINE  MM
  AVERAGE SKY COVER 0.6


WEATHER CONDITIONS
 THE FOLLOWING WEATHER WAS RECORDED YESTERDAY.
  RAIN
  LIGHT RAIN
  FOG


RELATIVE HUMIDITY (PERCENT)
 HIGHEST    87           500 AM
 LOWEST     56           300 PM
 AVERAGE    72

..........................................................


THE SALINAS AIRPORT CLIMATE NORMALS FOR TODAY
                         NORMAL    RECORD    YEAR
 MAXIMUM TEMPERATURE (F)   68       100      2004
 MINIMUM TEMPERATURE (F)   48        33      1943


SUNRISE AND SUNSET
APRIL 26 2015.........SUNRISE   519 AM PST   SUNSET   650 PM PST
APRIL 27 2015.........SUNRISE   517 AM PST   SUNSET   651 PM PST


-  INDICATES NEGATIVE NUMBERS.
R  INDICATES RECORD WAS SET OR TIED.
MM INDICATES DATA IS MISSING.
T  INDICATES TRACE AMOUNT.




$$
