000
CDUS45 KPIH 030733
CLISNT


CLIMATE REPORT
NATIONAL WEATHER SERVICE POCATELLO ID
132 AM MDT SUN MAY 3 2015


...................................

...THE STANLEY ID CLIMATE SUMMARY FOR MAY 2 2015...

CLIMATE NORMAL PERIOD 1981 TO 2010
CLIMATE RECORD PERIOD 1916 TO 2015


WEATHER ITEM   OBSERVED TIME   RECORD YEAR NORMAL DEPARTURE LAST
                VALUE   (LST)  VALUE       VALUE  FROM      YEAR
                                                  NORMAL
..................................................................
TEMPERATURE (F)
 YESTERDAY
  MAXIMUM         68    112 PM  77    1985  53     15       67
  MINIMUM         24    555 AM   9    2008  24      0       25
  AVERAGE         46                        39      7       46

PRECIPITATION (IN)
  YESTERDAY        0.00          0.37 2007   0.05  -0.05     0.00
  MONTH TO DATE    0.00                      0.10  -0.10     0.00
  SINCE OCT 1     12.25                     11.79   0.46    15.39
  SINCE JAN 1      5.54                      6.94  -1.40    11.78

SNOWFALL (IN)
  YESTERDAY       MM
  MONTH TO DATE   MM
  SINCE MAR 1     MM
  SINCE JUL 1     MM
  SNOW DEPTH      MM

DEGREE DAYS
 HEATING
  YESTERDAY       19                        26     -7       19
  MONTH TO DATE   40                        53    -13       40
  SINCE MAR 1   1805                      2179   -374     2152
  SINCE JUL 1   8183                      9713  -1530     9320

 COOLING
  YESTERDAY        0                         0      0        0
  MONTH TO DATE    0                         0      0        0
  SINCE MAR 1      0                         0      0        0
  SINCE JAN 1      0                         0      0        0
..................................................................


WIND (MPH)
  HIGHEST WIND SPEED    17   HIGHEST WIND DIRECTION     W (270)
  HIGHEST GUST SPEED    28   HIGHEST GUST DIRECTION    NW (310)
  AVERAGE WIND SPEED     4.5


SKY COVER
  POSSIBLE SUNSHINE  MM
  AVERAGE SKY COVER 0.0


WEATHER CONDITIONS
 THE FOLLOWING WEATHER WAS RECORDED YESTERDAY.
  NO SIGNIFICANT WEATHER WAS OBSERVED.


RELATIVE HUMIDITY (PERCENT)
 HIGHEST    74           600 AM
 LOWEST     16          1100 AM
 AVERAGE    45

..........................................................


THE STANLEY ID CLIMATE NORMALS FOR TODAY
                         NORMAL    RECORD    YEAR
 MAXIMUM TEMPERATURE (F)   54        76      1966
 MINIMUM TEMPERATURE (F)   25        12      1923


SUNRISE AND SUNSET
MAY  3 2015...........SUNRISE   628 AM MDT   SUNSET   846 PM MDT
MAY  4 2015...........SUNRISE   627 AM MDT   SUNSET   847 PM MDT


-  INDICATES NEGATIVE NUMBERS.
R  INDICATES RECORD WAS SET OR TIED.
MM INDICATES DATA IS MISSING.
T  INDICATES TRACE AMOUNT.




$$
