000
CDUS43 KILX 272137
CLISPI


CLIMATE REPORT
NATIONAL WEATHER SERVICE LINCOLN IL
436 PM CDT MON APR 27 2015


...................................

...THE SPRINGFIELD IL CLIMATE SUMMARY FOR APRIL 27 2015...
VALID TODAY AS OF 0400 PM LOCAL TIME.

CLIMATE NORMAL PERIOD 1981 TO 2010
CLIMATE RECORD PERIOD 1879 TO 2015


WEATHER ITEM   OBSERVED TIME   RECORD YEAR NORMAL DEPARTURE LAST
                VALUE   (LST)  VALUE       VALUE  FROM      YEAR
                                                  NORMAL
..................................................................
TEMPERATURE (F)
 TODAY
  MAXIMUM         66    253 PM  87    1984  69     -3       78
                                      1981
  MINIMUM         34    329 AM  33    1968  46    -12       54
                                      1946
                                      1928
  AVERAGE         50                        58     -8       66

PRECIPITATION (IN)
  TODAY            0.00          1.93 2002   0.13  -0.13     0.69
  MONTH TO DATE    2.12                      3.12  -1.00     3.72
  SINCE MAR 1      3.68                      5.75  -2.07     5.51
  SINCE JAN 1      6.96                      9.38  -2.42    10.94

SNOWFALL (IN)
  TODAY            0.0           0.0    MM   0.0    0.0      0.0
  MONTH TO DATE    0.0                       0.3   -0.3      0.1
  SINCE MAR 1      3.7                       2.8    0.9      3.4
  SINCE JUL 1     33.9                      20.9   13.0     45.7
  SNOW DEPTH       0

DEGREE DAYS
 HEATING
  TODAY           15                         8      7        0
  MONTH TO DATE  234                       342   -108      265
  SINCE MAR 1    986                      1053    -67     1120
  SINCE JUL 1   5555                      5324    231     6067

 COOLING
  TODAY            0                         1     -1        1
  MONTH TO DATE   10                        16     -6       10
  SINCE MAR 1     10                        18     -8       10
  SINCE JAN 1     10                        18     -8       10
..................................................................


WIND (MPH)
  HIGHEST WIND SPEED    21   HIGHEST WIND DIRECTION     N (350)
  HIGHEST GUST SPEED    27   HIGHEST GUST DIRECTION    NE (40)
  AVERAGE WIND SPEED     8.0


SKY COVER
  POSSIBLE SUNSHINE  MM
  AVERAGE SKY COVER 0.0


WEATHER CONDITIONS
 THE FOLLOWING WEATHER WAS RECORDED TODAY.
  NO SIGNIFICANT WEATHER WAS OBSERVED.


RELATIVE HUMIDITY (PERCENT)
 HIGHEST    89           300 AM
 LOWEST     37           300 PM
 AVERAGE    63

..........................................................


THE SPRINGFIELD IL CLIMATE NORMALS FOR TOMORROW
                         NORMAL    RECORD    YEAR
 MAXIMUM TEMPERATURE (F)   69        87      1951
 MINIMUM TEMPERATURE (F)   47        31      1992


SUNRISE AND SUNSET
APRIL 27 2015.........SUNRISE   605 AM CDT   SUNSET   749 PM CDT
APRIL 28 2015.........SUNRISE   603 AM CDT   SUNSET   750 PM CDT


-  INDICATES NEGATIVE NUMBERS.
R  INDICATES RECORD WAS SET OR TIED.
MM INDICATES DATA IS MISSING.
T  INDICATES TRACE AMOUNT.




$$
