000
CDUS43 KFSD 210631
CLISUX


CLIMATE REPORT
NATIONAL WEATHER SERVICE SIOUX FALLS SD
129 AM CDT TUE APR 21 2015


...................................

...THE SIOUX CITY IA CLIMATE SUMMARY FOR APRIL 20 2015...

CLIMATE NORMAL PERIOD 1981 TO 2010
CLIMATE RECORD PERIOD 1889 TO 2015


WEATHER ITEM   OBSERVED TIME   RECORD YEAR NORMAL DEPARTURE LAST
                VALUE   (LST)  VALUE       VALUE  FROM      YEAR
                                                  NORMAL
..................................................................
TEMPERATURE (F)
 YESTERDAY
  MAXIMUM         58    351 PM  91    1980  64     -6       85
  MINIMUM         39   1156 PM  22    2013  39      0       53
                                      1953
  AVERAGE         49                        52     -3       69

PRECIPITATION (IN)
  YESTERDAY        0.00          1.10 1972   0.11  -0.11     0.01
  MONTH TO DATE    2.50                      1.88   0.62     0.88
  SINCE MAR 1      3.38                      3.88  -0.50     1.26
  SINCE JAN 1      4.34                      5.17  -0.83     2.03

SNOWFALL (IN)
  YESTERDAY        0.0           4.5  1992   0.0    0.0      0.0
  MONTH TO DATE    0.0                       1.5   -1.5      5.3
  SINCE MAR 1      T                         8.0   -8.0     10.0
  SINCE JUL 1     21.5                      34.5  -13.0     23.8
  SNOW DEPTH       0

DEGREE DAYS
 HEATING
  YESTERDAY       16                        14      2        0
  MONTH TO DATE  246                       355   -109      361
  SINCE MAR 1    953                      1239   -286     1341
  SINCE JUL 1   6119                      6533   -414     6945

 COOLING
  YESTERDAY        0                         0      0        4
  MONTH TO DATE    1                         0      1        9
  SINCE MAR 1      1                         0      1        9
  SINCE JAN 1      1                         0      1        9
..................................................................


WIND (MPH)
  HIGHEST WIND SPEED    36   HIGHEST WIND DIRECTION    NW (330)
  HIGHEST GUST SPEED    51   HIGHEST GUST DIRECTION    NW (320)
  AVERAGE WIND SPEED    20.7


SKY COVER
  POSSIBLE SUNSHINE  MM
  AVERAGE SKY COVER 0.1


WEATHER CONDITIONS
 THE FOLLOWING WEATHER WAS RECORDED YESTERDAY.
  LIGHT RAIN


RELATIVE HUMIDITY (PERCENT)
 HIGHEST    70          1200 AM
 LOWEST     14           500 PM
 AVERAGE    42

..........................................................


THE SIOUX CITY IA CLIMATE NORMALS FOR TODAY
                         NORMAL    RECORD    YEAR
 MAXIMUM TEMPERATURE (F)   65        94      1980
 MINIMUM TEMPERATURE (F)   39        23      1966
                                             1927


SUNRISE AND SUNSET
APRIL 21 2015.........SUNRISE   635 AM CDT   SUNSET   814 PM CDT
APRIL 22 2015.........SUNRISE   634 AM CDT   SUNSET   815 PM CDT


-  INDICATES NEGATIVE NUMBERS.
R  INDICATES RECORD WAS SET OR TIED.
MM INDICATES DATA IS MISSING.
T  INDICATES TRACE AMOUNT.




$$
