000
CDUS41 KBGM 180531
CLISYR


CLIMATE REPORT
NATIONAL WEATHER SERVICE BINGHAMTON NY
130 AM EDT SAT APR 18 2015


...................................

...THE SYRACUSE NY CLIMATE SUMMARY FOR APRIL 17 2015...

CLIMATE NORMAL PERIOD 1981 TO 2010
CLIMATE RECORD PERIOD 1902 TO 2015


WEATHER ITEM   OBSERVED TIME   RECORD YEAR NORMAL DEPARTURE LAST
                VALUE   (LST)  VALUE       VALUE  FROM      YEAR
                                                  NORMAL
..................................................................
TEMPERATURE (F)
 YESTERDAY
  MAXIMUM         62    449 PM  89    2002  58      4       56
  MINIMUM         48   1159 PM  22    1908  37     11       23
  AVERAGE         55                        48      7       40

PRECIPITATION (IN)
  YESTERDAY        0.13          0.74 1918   0.11   0.02     0.00
  MONTH TO DATE    2.04                      1.89   0.15     2.60
  SINCE MAR 1      3.56                      4.84  -1.28     6.08
  SINCE JAN 1      7.44                      9.41  -1.97    11.63

SNOWFALL (IN)
  YESTERDAY        0.0           3.9  1965   0.2   -0.2      0.0
  MONTH TO DATE    T                         3.0   -3.0      0.4
  SINCE MAR 1     12.3                      21.0   -8.7     22.1
  SINCE JUL 1    119.1                     122.9   -3.8    132.0
  SNOW DEPTH       0

DEGREE DAYS
 HEATING
  YESTERDAY       10                        17     -7       25
  MONTH TO DATE  325                       354    -29      346
  SINCE MAR 1   1494                      1311    183     1557
  SINCE JUL 1   6718                      6142    576     6649

 COOLING
  YESTERDAY        0                         0      0        0
  MONTH TO DATE    0                         0      0        1
  SINCE MAR 1      0                         0      0        1
  SINCE JAN 1      0                         0      0        1
..................................................................


WIND (MPH)
  HIGHEST WIND SPEED    16   HIGHEST WIND DIRECTION    SW (220)
  HIGHEST GUST SPEED    19   HIGHEST GUST DIRECTION    SW (230)
  AVERAGE WIND SPEED     6.1


SKY COVER
  POSSIBLE SUNSHINE  MM
  AVERAGE SKY COVER 0.8


WEATHER CONDITIONS
 THE FOLLOWING WEATHER WAS RECORDED YESTERDAY.
  LIGHT RAIN
  FOG


RELATIVE HUMIDITY (PERCENT)
 HIGHEST    93           700 AM
 LOWEST     64           400 PM
 AVERAGE    79

..........................................................


THE SYRACUSE NY CLIMATE NORMALS FOR TODAY
                         NORMAL    RECORD    YEAR
 MAXIMUM TEMPERATURE (F)   59        85      1976
 MINIMUM TEMPERATURE (F)   38        22      1948


SUNRISE AND SUNSET
APRIL 18 2015.........SUNRISE   618 AM EDT   SUNSET   750 PM EDT
APRIL 19 2015.........SUNRISE   616 AM EDT   SUNSET   752 PM EDT


-  INDICATES NEGATIVE NUMBERS.
R  INDICATES RECORD WAS SET OR TIED.
MM INDICATES DATA IS MISSING.
T  INDICATES TRACE AMOUNT.

$$
