000
CDUS45 KLKN 040938
CLITPH


CLIMATE REPORT
NATIONAL WEATHER SERVICE ELKO NV
237 AM PDT MON MAY 4 2015


...................................

...THE TONOPAH AIRPORT NV CLIMATE SUMMARY FOR MAY 3 2015...

CLIMATE NORMAL PERIOD 1981 TO 2010
CLIMATE RECORD PERIOD 1954 TO 2015


WEATHER ITEM   OBSERVED TIME   RECORD YEAR NORMAL DEPARTURE LAST
                VALUE   (LST)  VALUE       VALUE  FROM      YEAR
                                                  NORMAL
..................................................................
TEMPERATURE (F)
 YESTERDAY
  MAXIMUM         79    148 PM  87    2004  70      9       81
  MINIMUM         45    527 AM  19    1964  40      5       46
  AVERAGE         62                        55      7       64

PRECIPITATION (IN)
  YESTERDAY        0.00          0.27 1969   0.01  -0.01     0.00
  MONTH TO DATE    0.00                      0.04  -0.04     0.00
  SINCE OCT 1      1.05                      3.13  -2.08     1.33
  SINCE JAN 1      0.57                      2.04  -1.47     0.87

DEGREE DAYS
 HEATING
  YESTERDAY        3                        10     -7        1
  MONTH TO DATE    6                        32    -26        8
  SINCE MAR 1    892                      1183   -291     1002
  SINCE JUL 1   4014                      5225  -1211     4775

 COOLING
  YESTERDAY        0                         0      0        0
  MONTH TO DATE    0                         0      0        0
  SINCE MAR 1      0                         1     -1        0
  SINCE JAN 1      0                         1     -1        0
..................................................................


WIND (MPH)
  HIGHEST WIND SPEED    24   HIGHEST WIND DIRECTION    NW (330)
  HIGHEST GUST SPEED    30   HIGHEST GUST DIRECTION    NW (330)
  AVERAGE WIND SPEED    10.8



WEATHER CONDITIONS
 THE FOLLOWING WEATHER WAS RECORDED YESTERDAY.
  NO SIGNIFICANT WEATHER WAS OBSERVED.


RELATIVE HUMIDITY (PERCENT)
 HIGHEST    MM
 LOWEST     MM
 AVERAGE    MM

..........................................................


THE TONOPAH AIRPORT NV CLIMATE NORMALS FOR TODAY
                         NORMAL    RECORD    YEAR
 MAXIMUM TEMPERATURE (F)   70        87      2004
 MINIMUM TEMPERATURE (F)   40        27      1965
                                             1964


SUNRISE AND SUNSET
MAY  4 2015...........SUNRISE   549 AM PDT   SUNSET   742 PM PDT
MAY  5 2015...........SUNRISE   548 AM PDT   SUNSET   743 PM PDT


-  INDICATES NEGATIVE NUMBERS.
R  INDICATES RECORD WAS SET OR TIED.
MM INDICATES DATA IS MISSING.
T  INDICATES TRACE AMOUNT.




$$
