000
CDUS46 KSGX 020017
CLITRM


CLIMATE REPORT
NATIONAL WEATHER SERVICE SAN DIEGO, CA
517 PM PDT WED APR 1 2015


...................................

...THE THERMAL AIRPORT CA CLIMATE SUMMARY FOR APRIL 1 2015...
VALID TODAY AS OF 0500 PM LOCAL TIME.

CLIMATE NORMAL PERIOD 1981 TO 2010
CLIMATE RECORD PERIOD 1950 TO 2015


WEATHER ITEM   OBSERVED TIME   RECORD YEAR NORMAL DEPARTURE LAST
                VALUE   (LST)  VALUE       VALUE  FROM      YEAR
                                                  NORMAL
..................................................................
TEMPERATURE (F)
 TODAY
  MAXIMUM         94    238 PM 103    2011  84     10       75
  MINIMUM         64    301 AM  40    1988  50     14       55
  AVERAGE         79                        67     12       65

PRECIPITATION (IN)
  TODAY            0.00          0.32 1992   0.00   0.00     0.00
  MONTH TO DATE    0.00                      0.00   0.00     0.00
  SINCE OCT 1      0.77                      2.52  -1.75     0.16
  SINCE JAN 1      0.62                      1.71  -1.09     0.08

SNOWFALL (IN)
  TODAY            0.0
  MONTH TO DATE    0.0
  SINCE MAR 1      0.0
  SINCE JUL 1      0.0
  SNOW DEPTH       0

DEGREE DAYS
 HEATING
  TODAY            0                         2     -2        0
  MONTH TO DATE    0                         2     -2        0
  SINCE MAR 1     44                        94    -50       23
  SINCE JUL 1    749                      1159   -410      812

 COOLING
  TODAY           14                         3     11        0
  MONTH TO DATE   14                         3     11        0
  SINCE MAR 1    199                        65    134      104
  SINCE JAN 1    221                        77    144      114
..................................................................


WIND (MPH)
  RESULTANT WIND SPEED   8   RESULTANT WIND DIRECTION  NW (330)
  HIGHEST WIND SPEED    23   HIGHEST WIND DIRECTION    NW (310)
  HIGHEST GUST SPEED    30   HIGHEST GUST DIRECTION    NW (300)
  AVERAGE WIND SPEED     9.8


SKY COVER
  POSSIBLE SUNSHINE  MM
  AVERAGE SKY COVER 0.0


WEATHER CONDITIONS
 THE FOLLOWING WEATHER WAS RECORDED TODAY.
  HAZE


RELATIVE HUMIDITY (PERCENT)
 HIGHEST    37           600 AM
 LOWEST      5           200 PM
 AVERAGE    21

..........................................................


THE THERMAL AIRPORT CA CLIMATE NORMALS FOR TOMORROW
                         NORMAL    RECORD    YEAR
 MAXIMUM TEMPERATURE (F)   84        99      1961
 MINIMUM TEMPERATURE (F)   50        33      1998


SUNRISE AND SUNSET
APRIL  1 2015.........SUNRISE   632 AM PDT   SUNSET   705 PM PDT
APRIL  2 2015.........SUNRISE   631 AM PDT   SUNSET   706 PM PDT


-  INDICATES NEGATIVE NUMBERS.
R  INDICATES RECORD WAS SET OR TIED.
MM INDICATES DATA IS MISSING.
T  INDICATES TRACE AMOUNT.




$$
