000
CDUS46 KPQR 181142
CLITTD


CLIMATE REPORT
NATIONAL WEATHER SERVICE PORTLAND OREGON
441 AM PDT SAT APR 18 2015


...................................

...THE TROUTDALE OR CLIMATE SUMMARY FOR APRIL 17 2015...

CLIMATE NORMAL PERIOD 1981 TO 2010
CLIMATE RECORD PERIOD 1948 TO 2015


WEATHER ITEM   OBSERVED TIME   RECORD YEAR NORMAL DEPARTURE LAST
                VALUE   (LST)  VALUE       VALUE  FROM      YEAR
                                                  NORMAL
..................................................................
TEMPERATURE (F)
 YESTERDAY
  MAXIMUM         75    228 PM  79    1983  62     13       56
  MINIMUM         40    523 AM  31    2011  41     -1       48
                                      1977
  AVERAGE         58                        52      6       52

PRECIPITATION (IN)
  YESTERDAY        0.00                      0.13  -0.13     0.42
  MONTH TO DATE    1.85                      2.27  -0.42     1.36
  SINCE OCT 1     27.17                     36.58  -9.41    20.57
  SINCE JAN 1     12.21                     18.18  -5.97    12.98

DEGREE DAYS
 HEATING
  YESTERDAY        7                        14     -7       13
  MONTH TO DATE  251                       246      5      185

 COOLING
  YESTERDAY        0                         0      0        0
  MONTH TO DATE    0                         0      0        0
..................................................................


WIND (MPH)
  HIGHEST WIND SPEED    12   HIGHEST WIND DIRECTION    NW (310)
  HIGHEST GUST SPEED    20   HIGHEST GUST DIRECTION    NW (310)
  AVERAGE WIND SPEED     3.7


SKY COVER
  POSSIBLE SUNSHINE  MM
  AVERAGE SKY COVER 0.0


WEATHER CONDITIONS
 THE FOLLOWING WEATHER WAS RECORDED YESTERDAY.
  NO SIGNIFICANT WEATHER WAS OBSERVED.


RELATIVE HUMIDITY (PERCENT)
 HIGHEST    89           200 AM
 LOWEST     29           300 PM
 AVERAGE    59

..........................................................


THE TROUTDALE OR CLIMATE NORMALS FOR TODAY
                         NORMAL    RECORD    YEAR
 MAXIMUM TEMPERATURE (F)   62        80      1962
 MINIMUM TEMPERATURE (F)   41        30      1964


SUNRISE AND SUNSET
APRIL 18 2015.........SUNRISE   619 AM PDT   SUNSET   800 PM PDT
APRIL 19 2015.........SUNRISE   617 AM PDT   SUNSET   801 PM PDT


-  INDICATES NEGATIVE NUMBERS.
R  INDICATES RECORD WAS SET OR TIED.
MM INDICATES DATA IS MISSING.
T  INDICATES TRACE AMOUNT.




$$
