000
CDUS41 KPHI 062129
CLITTN


CLIMATE REPORT
NATIONAL WEATHER SERVICE MOUNT HOLLY NJ
527 PM EDT WED MAY 6 2015


...................................

...THE TRENTON NJ CLIMATE SUMMARY FOR MAY 6 2015...
VALID TODAY AS OF 0500 PM LOCAL TIME.

CLIMATE NORMAL PERIOD 1981 TO 2010
CLIMATE RECORD PERIOD 1865 TO 2015


WEATHER ITEM   OBSERVED TIME   RECORD YEAR NORMAL DEPARTURE LAST
                VALUE   (LST)  VALUE       VALUE  FROM      YEAR
                                                  NORMAL
..................................................................
TEMPERATURE (F)
 TODAY
  MAXIMUM         73   1114 AM  91    1949  69      4       71
  MINIMUM         65    830 AM  36    1891  47     18       43
  AVERAGE         69                        58     11       57

PRECIPITATION (IN)
  TODAY            T             1.30 1991   0.12  -0.12     0.00
  MONTH TO DATE    T                         0.60  -0.60     0.33
  SINCE MAR 1      6.84                      8.28  -1.44     9.86
  SINCE JAN 1     13.43                     13.75  -0.32    17.52

SNOWFALL (IN)
  TODAY           MM            MM      MM  MM     MM       MM
  MONTH TO DATE   MM                        MM     MM       MM
  SINCE MAR 1     MM                        MM     MM       MM
  SINCE JUL 1     MM                        MM     MM       MM
  SNOW DEPTH      MM

DEGREE DAYS
 HEATING
  TODAY            0                         8     -8        8
  MONTH TO DATE   22                        51    -29       35
  SINCE MAR 1   1245                      1205     40     1317
  SINCE JUL 1   5328                      5019    309     5403

 COOLING
  TODAY            4                         1      3        0
  MONTH TO DATE   11                         6      5        3
  SINCE MAR 1     11                        14     -3        9
  SINCE JAN 1     11                        14     -3        9
..................................................................


WIND (MPH)
  HIGHEST WIND SPEED    18   HIGHEST WIND DIRECTION     E (90)
  HIGHEST GUST SPEED    23   HIGHEST GUST DIRECTION     E (80)
  AVERAGE WIND SPEED     8.1


SKY COVER
  POSSIBLE SUNSHINE  MM
  AVERAGE SKY COVER 0.8


WEATHER CONDITIONS
 THE FOLLOWING WEATHER WAS RECORDED TODAY.
  LIGHT RAIN


RELATIVE HUMIDITY (PERCENT)
 HIGHEST    66          1200 AM
 LOWEST     31          1000 AM
 AVERAGE    49

..........................................................


THE TRENTON NJ CLIMATE NORMALS FOR TOMORROW
                         NORMAL    RECORD    YEAR
 MAXIMUM TEMPERATURE (F)   69        93      1930
 MINIMUM TEMPERATURE (F)   48        35      2001


SUNRISE AND SUNSET
MAY  6 2015...........SUNRISE   553 AM EDT   SUNSET   759 PM EDT
MAY  7 2015...........SUNRISE   552 AM EDT   SUNSET   800 PM EDT


-  INDICATES NEGATIVE NUMBERS.
R  INDICATES RECORD WAS SET OR TIED.
MM INDICATES DATA IS MISSING.
T  INDICATES TRACE AMOUNT.




$$
