000
CDUS45 KBOI 060933
CLITWF


CLIMATE REPORT
NATIONAL WEATHER SERVICE BOISE ID
332 AM MDT WED MAY 6 2015


...................................

...THE TWIN FALLS ID CLIMATE SUMMARY FOR MAY 5 2015...

CLIMATE NORMAL PERIOD 1981 TO 2010
CLIMATE RECORD PERIOD 9999 TO 9999


WEATHER ITEM   OBSERVED TIME   NORMAL DEPARTURE LAST
                VALUE   (LST)  VALUE  FROM      YEAR
                                      NORMAL
......................................................
TEMPERATURE (F)
 YESTERDAY
  MAXIMUM         73   1259 PM  67      6       66
  MINIMUM         48   1145 PM  40      8       49
  AVERAGE         61

PRECIPITATION (IN)
  YESTERDAY        0.00          0.05  -0.05      T
  MONTH TO DATE    T             0.27  -0.27      T
  SINCE OCT 1      4.86          7.49  -2.63     5.42
  SINCE JAN 1      1.86          4.24  -2.38     4.95

DEGREE DAYS
 HEATING
  YESTERDAY        4            12     -8        7
  MONTH TO DATE   16            63    -47       14
  SINCE MAR 1    957          1294   -337     1085
  SINCE JUL 1   4650          5861  -1211     5338

 COOLING
  YESTERDAY        0             0      0        0
  MONTH TO DATE    0             0      0        8
  SINCE MAR 1      0             1     -1        8
  SINCE JAN 1      0             1     -1        8
......................................................


WIND (MPH)
  HIGHEST WIND SPEED    24   HIGHEST WIND DIRECTION     W (270)
  HIGHEST GUST SPEED    30   HIGHEST GUST DIRECTION     W (270)
  AVERAGE WIND SPEED    15.5


SKY COVER
  AVERAGE SKY COVER 0.0


WEATHER CONDITIONS
 THE FOLLOWING WEATHER WAS RECORDED YESTERDAY.
  NO SIGNIFICANT WEATHER WAS OBSERVED.


RELATIVE HUMIDITY (PERCENT)
 HIGHEST    54           400 AM
 LOWEST     16           200 PM
 AVERAGE    35

..........................................................




SUNRISE AND SUNSET
MAY  6 2015...........SUNRISE   627 AM MDT   SUNSET   843 PM MDT
MAY  7 2015...........SUNRISE   625 AM MDT   SUNSET   844 PM MDT


-  INDICATES NEGATIVE NUMBERS.
R  INDICATES RECORD WAS SET OR TIED.
MM INDICATES DATA IS MISSING.
T  INDICATES TRACE AMOUNT.




$$
